{"id":1058,"date":"2025-05-05T12:29:50","date_gmt":"2025-05-05T10:29:50","guid":{"rendered":"https:\/\/www.ets-bouteloup.fr\/refonte\/?page_id=1058"},"modified":"2025-05-16T14:39:50","modified_gmt":"2025-05-16T12:39:50","slug":"contact","status":"publish","type":"page","link":"https:\/\/www.ets-bouteloup.fr\/refonte\/contact\/","title":{"rendered":"CONTACT"},"content":{"rendered":"\t\t<div data-elementor-type=\"wp-page\" data-elementor-id=\"1058\" class=\"elementor elementor-1058\">\n\t\t\t\t<div class=\"elementor-element elementor-element-eaa9c86 e-flex e-con-boxed coherence-container-background-zoom-no coherence-sticky-section-no e-con e-parent\" data-id=\"eaa9c86\" data-element_type=\"container\">\n\t\t\t\t\t<div class=\"e-con-inner\">\n\t\t<div class=\"elementor-element elementor-element-356d891 e-con-full e-flex coherence-container-background-zoom-no coherence-sticky-section-no e-con e-child\" data-id=\"356d891\" data-element_type=\"container\" data-settings=\"{&quot;background_background&quot;:&quot;classic&quot;}\">\n\t\t\t\t<div class=\"elementor-element elementor-element-1b2bc18 elementor-widget elementor-widget-coherence_Heading_widget\" data-id=\"1b2bc18\" data-element_type=\"widget\" data-widget_type=\"coherence_Heading_widget.default\">\n\t\t\t\t<div class=\"elementor-widget-container\">\n\t\t\t\t\t<h1 class=\"coherence-heading elementor-heading-title\"><span class=\"separator-sup-title\">ETS BOUTELOUP \u00e0 \u00c9vron en Mayenne (53)<\/span> <span class=\"coherence-heading-text\">\u00c0 votre service<\/span>  <\/h1>\t\t\t\t<\/div>\n\t\t\t\t<\/div>\n\t\t\t\t<div class=\"elementor-element elementor-element-025f765 elementor-widget__width-initial elementor-widget-tablet_extra__width-initial elementor-widget-mobile_extra__width-initial elementor-widget elementor-widget-text-editor\" data-id=\"025f765\" data-element_type=\"widget\" data-widget_type=\"text-editor.default\">\n\t\t\t\t\t\t\t\t\t<p>Contactez-nous pour obtenir des informations, un devis ou programmer une intervention en plomberie, chauffage ou salle de bains. Notre \u00e9quipe reste disponible pour r\u00e9pondre \u00e0 vos demandes.<\/p>\t\t\t\t\t\t\t\t<\/div>\n\t\t\t\t<\/div>\n\t\t\t\t\t<\/div>\n\t\t\t\t<\/div>\n\t\t<div class=\"elementor-element elementor-element-1ba589c e-flex e-con-boxed coherence-container-background-zoom-no coherence-sticky-section-no e-con e-parent\" data-id=\"1ba589c\" data-element_type=\"container\">\n\t\t\t\t\t<div class=\"e-con-inner\">\n\t\t<div class=\"elementor-element elementor-element-71aef158 e-con-full e-flex coherence-container-background-zoom-no coherence-sticky-section-no e-con e-child\" data-id=\"71aef158\" data-element_type=\"container\" data-settings=\"{&quot;background_background&quot;:&quot;classic&quot;}\">\n\t\t\t\t<div class=\"elementor-element elementor-element-8d5ff04 elementor-view-stacked elementor-shape-circle elementor-widget elementor-widget-coherence-core-content-box\" data-id=\"8d5ff04\" data-element_type=\"widget\" data-widget_type=\"coherence-core-content-box.default\">\n\t\t\t\t<div class=\"elementor-widget-container\">\n\t\t\t\t\t\t\t<div class=\"coherence-content-box clearfix  \">\r\n\t\t\t\r\n\t\t\t\r\n\t\t\t\r\n\t\t\t\t<div class=\"elementor-coherence-core-content-box-wrapper\"><div class=\"elementor-coherence-core-content-box-icon\"><a class=\"elementor-icon elementor-animation-\" href=\"http:\/\/&lt;a href=&quot;tel:+33243016620&quot;&gt;02 43 01 66 20&lt;\/a&gt;\" target=\"_blank\"><svg aria-hidden=\"true\" class=\"e-font-icon-svg e-fas-phone-alt\" viewBox=\"0 0 512 512\" xmlns=\"http:\/\/www.w3.org\/2000\/svg\"><path d=\"M497.39 361.8l-112-48a24 24 0 0 0-28 6.9l-49.6 60.6A370.66 370.66 0 0 1 130.6 204.11l60.6-49.6a23.94 23.94 0 0 0 6.9-28l-48-112A24.16 24.16 0 0 0 122.6.61l-104 24A24 24 0 0 0 0 48c0 256.5 207.9 464 464 464a24 24 0 0 0 23.4-18.6l24-104a24.29 24.29 0 0 0-14.01-27.6z\"><\/path><\/svg><\/a><\/div><div class=\"elementor-coherence-core-content-box-content\"><span class=\"elementor-coherence-core-content-box-title\"><a href=\"http:\/\/&lt;a href=&quot;tel:+33243016620&quot;&gt;02 43 01 66 20&lt;\/a&gt;\" target=\"_blank\"><b>Appelez-nous :<\/b><br><a href=\"tel:+33243016620\">02 43 01 66 20<\/a><\/a><\/span><\/div><\/div><\/div>\t\t\t\t<\/div>\n\t\t\t\t<\/div>\n\t\t\t\t<div class=\"elementor-element elementor-element-2ec56b0 elementor-view-stacked elementor-shape-circle elementor-widget elementor-widget-coherence-core-content-box\" data-id=\"2ec56b0\" data-element_type=\"widget\" data-widget_type=\"coherence-core-content-box.default\">\n\t\t\t\t<div class=\"elementor-widget-container\">\n\t\t\t\t\t\t\t<div class=\"coherence-content-box clearfix  \">\r\n\t\t\t\r\n\t\t\t\r\n\t\t\t\r\n\t\t\t\t<div class=\"elementor-coherence-core-content-box-wrapper\"><div class=\"elementor-coherence-core-content-box-icon\"><span class=\"elementor-icon elementor-animation-\" ><svg aria-hidden=\"true\" class=\"e-font-icon-svg e-fas-map-marker-alt\" viewBox=\"0 0 384 512\" xmlns=\"http:\/\/www.w3.org\/2000\/svg\"><path d=\"M172.268 501.67C26.97 291.031 0 269.413 0 192 0 85.961 85.961 0 192 0s192 85.961 192 192c0 77.413-26.97 99.031-172.268 309.67-9.535 13.774-29.93 13.773-39.464 0zM192 272c44.183 0 80-35.817 80-80s-35.817-80-80-80-80 35.817-80 80 35.817 80 80 80z\"><\/path><\/svg><\/span><\/div><div class=\"elementor-coherence-core-content-box-content\"><span class=\"elementor-coherence-core-content-box-title\">ZA de Maubuard <br>53600 Evron<\/span><\/div><\/div><\/div>\t\t\t\t<\/div>\n\t\t\t\t<\/div>\n\t\t\t\t<div class=\"elementor-element elementor-element-61001a7 elementor-view-stacked elementor-shape-circle elementor-widget elementor-widget-coherence-core-content-box\" data-id=\"61001a7\" data-element_type=\"widget\" data-widget_type=\"coherence-core-content-box.default\">\n\t\t\t\t<div class=\"elementor-widget-container\">\n\t\t\t\t\t\t\t<div class=\"coherence-content-box clearfix  \">\r\n\t\t\t\r\n\t\t\t\r\n\t\t\t\r\n\t\t\t\t<div class=\"elementor-coherence-core-content-box-wrapper\"><div class=\"elementor-coherence-core-content-box-icon\"><span class=\"elementor-icon elementor-animation-\" ><svg aria-hidden=\"true\" class=\"e-font-icon-svg e-fas-clock\" viewBox=\"0 0 512 512\" xmlns=\"http:\/\/www.w3.org\/2000\/svg\"><path d=\"M256,8C119,8,8,119,8,256S119,504,256,504,504,393,504,256,393,8,256,8Zm92.49,313h0l-20,25a16,16,0,0,1-22.49,2.5h0l-67-49.72a40,40,0,0,1-15-31.23V112a16,16,0,0,1,16-16h32a16,16,0,0,1,16,16V256l58,42.5A16,16,0,0,1,348.49,321Z\"><\/path><\/svg><\/span><\/div><div class=\"elementor-coherence-core-content-box-content\"><span class=\"elementor-coherence-core-content-box-title\"><span class=\"horaire-travail\">Du Lundi au Jeudi : <br>08h00\u201312h00 | 13h30\u201317h30<br>Vendredi : <br>08h00\u201312h00 | 13h30\u201316h30<\/span><\/span><\/div><\/div><\/div>\t\t\t\t<\/div>\n\t\t\t\t<\/div>\n\t\t\t\t<div class=\"elementor-element elementor-element-3e96aaf elementor-widget elementor-widget-shortcode\" data-id=\"3e96aaf\" data-element_type=\"widget\" data-widget_type=\"shortcode.default\">\n\t\t\t\t\t\t\t<div class=\"elementor-shortcode\"><iframe data-src=\"https:\/\/www.google.com\/maps\/embed?pb=!1m14!1m8!1m3!1d21291.501539768313!2d-0.409819!3d48.159645!3m2!1i1024!2i768!4f13.1!3m3!1m2!1s0x4809b6a998e3da05%3A0xfe8878f90113f9bf!2sEtablissements%20Bouteloup!5e0!3m2!1sfr!2sus!4v1746613061583!5m2!1sfr!2sus\" width=\"100%\" height=\"350\" style=\"border:0\" allowfullscreen=\"\" referrerpolicy=\"no-referrer-when-downgrade\" src=\"data:image\/svg+xml;base64,PHN2ZyB3aWR0aD0iMSIgaGVpZ2h0PSIxIiB4bWxucz0iaHR0cDovL3d3dy53My5vcmcvMjAwMC9zdmciPjwvc3ZnPg==\" class=\"lazyload\" data-load-mode=\"1\"><\/iframe><\/div>\n\t\t\t\t\t\t<\/div>\n\t\t\t\t<\/div>\n\t\t<div class=\"elementor-element elementor-element-33bab471 e-con-full e-flex coherence-container-background-zoom-no coherence-sticky-section-no e-con e-child\" data-id=\"33bab471\" data-element_type=\"container\">\n\t\t\t\t<div class=\"elementor-element elementor-element-7f1bb969 coherence-forms-submit-button-align-left contact-form coherence-forms-align-left elementor-widget elementor-widget-coherence-contact-form\" data-id=\"7f1bb969\" data-element_type=\"widget\" data-widget_type=\"coherence-contact-form.default\">\n\t\t\t\t<div class=\"elementor-widget-container\">\n\t\t\t\t\t<div class=\"coherence-forms-container\">\n<div class=\"wpcf7 no-js\" id=\"wpcf7-f178-o1\" lang=\"fr-FR\" dir=\"ltr\" data-wpcf7-id=\"178\">\n<div class=\"screen-reader-response\"><p role=\"status\" aria-live=\"polite\" aria-atomic=\"true\"><\/p> <ul><\/ul><\/div>\n<form action=\"\/refonte\/wp-json\/wp\/v2\/pages\/1058#wpcf7-f178-o1\" method=\"post\" class=\"wpcf7-form init wpcf7-acceptance-as-validation\" aria-label=\"Formulaire de contact\" novalidate=\"novalidate\" data-status=\"init\">\n<fieldset class=\"hidden-fields-container\"><input type=\"hidden\" name=\"_wpcf7\" value=\"178\" \/><input type=\"hidden\" name=\"_wpcf7_version\" value=\"6.1.1\" \/><input type=\"hidden\" name=\"_wpcf7_locale\" value=\"fr_FR\" \/><input type=\"hidden\" name=\"_wpcf7_unit_tag\" value=\"wpcf7-f178-o1\" \/><input type=\"hidden\" name=\"_wpcf7_container_post\" value=\"0\" \/><input type=\"hidden\" name=\"_wpcf7_posted_data_hash\" value=\"\" \/><input type=\"hidden\" name=\"_wpcf7_recaptcha_response\" value=\"\" \/>\n<\/fieldset>\n<div class=\"row\">\n<div class=\"col-md-6 col-sm-6 input-label\"><span class=\"wpcf7-form-control-wrap\" data-name=\"your-name\"><input size=\"40\" maxlength=\"400\" class=\"wpcf7-form-control wpcf7-text wpcf7-validates-as-required\" aria-required=\"true\" aria-invalid=\"false\" placeholder=\"Nom (*)\" value=\"\" type=\"text\" name=\"your-name\" \/><\/span><\/div>\n<div class=\"col-md-6 col-sm-6 input-label\"><span class=\"wpcf7-form-control-wrap\" data-name=\"your-prenom\"><input size=\"40\" maxlength=\"400\" class=\"wpcf7-form-control wpcf7-text\" aria-invalid=\"false\" placeholder=\"Pr\u00e9nom\" value=\"\" type=\"text\" name=\"your-prenom\" \/><\/span><\/div>\n\n<\/div>\n\n<div class=\"row\">\n<div class=\"col-md-6 col-sm-6 input-label\"><span class=\"wpcf7-form-control-wrap\" data-name=\"your-email\"><input size=\"40\" maxlength=\"400\" class=\"wpcf7-form-control wpcf7-email wpcf7-validates-as-required wpcf7-text wpcf7-validates-as-email\" aria-required=\"true\" aria-invalid=\"false\" placeholder=\"Email (*)\" value=\"\" type=\"email\" name=\"your-email\" \/><\/span><\/div>\n<div class=\"col-md-6 col-sm-6 input-label\"><span class=\"wpcf7-form-control-wrap\" data-name=\"your-tel\"><input size=\"40\" maxlength=\"400\" class=\"wpcf7-form-control wpcf7-tel wpcf7-validates-as-required wpcf7-text wpcf7-validates-as-tel\" aria-required=\"true\" aria-invalid=\"false\" placeholder=\"T\u00e9l\u00e9phone (*)\" value=\"\" type=\"tel\" name=\"your-tel\" \/><\/span><\/div>\n\n<\/div>\n\n<div class=\"row\">\n<div class=\"col-md-12 col-sm-12 input-label input_adress\"><span class=\"wpcf7-form-control-wrap\" data-name=\"your-adress\"><input size=\"40\" maxlength=\"400\" class=\"wpcf7-form-control wpcf7-text\" aria-invalid=\"false\" placeholder=\"Adresse\" value=\"\" type=\"text\" name=\"your-adress\" \/><\/span><\/div>\n<\/div>\n\n<div class=\"row\">\n<div class=\"col-md-6 col-sm-6 input-label\"><span class=\"wpcf7-form-control-wrap\" data-name=\"your-cp\"><input class=\"wpcf7-form-control wpcf7-number wpcf7-validates-as-number\" aria-invalid=\"false\" placeholder=\"Code postal\" value=\"\" type=\"number\" name=\"your-cp\" \/><\/span><\/div>\n<div class=\"col-md-6 col-sm-6 input-label\"><span class=\"wpcf7-form-control-wrap\" data-name=\"your-ville\"><input size=\"40\" maxlength=\"400\" class=\"wpcf7-form-control wpcf7-text wpcf7-validates-as-required\" aria-required=\"true\" aria-invalid=\"false\" placeholder=\"Ville (*)\" value=\"\" type=\"text\" name=\"your-ville\" \/><\/span><\/div>\n<\/div>\n\n<div class=\"row\">\n<div class=\"col-md-12 col-sm-12 input-label input_adress\"><span class=\"wpcf7-form-control-wrap\" data-name=\"your-message\"><textarea cols=\"40\" rows=\"10\" maxlength=\"2000\" class=\"wpcf7-form-control wpcf7-textarea\" aria-invalid=\"false\" placeholder=\"Message\" name=\"your-message\"><\/textarea><\/span><\/div>\n<\/div>\n\n<div class=\"row\">\n<div class=\"col-md-12 col-sm-12 input-label fs14 error_acc input_adress\"><span class=\"mb rgpd_acc\"><span class=\"wpcf7-form-control-wrap\" data-name=\"your-consent\"><span class=\"wpcf7-form-control wpcf7-acceptance\"><span class=\"wpcf7-list-item\"><label><input type=\"checkbox\" name=\"your-consent\" value=\"1\" aria-invalid=\"false\" \/><span class=\"wpcf7-list-item-label\">En soumettant ce formulaire, j&apos;accepte la <a target=\"_blank\" class=\"link_pdc dib\" href=\"\/politique-de-confidentialite\/\"><u>politique de confidentialit\u00e9<\/u><\/a><\/span><\/label><\/span><\/span><\/span><\/span><\/div>\n<\/div>\n\n<div class=\"row\">\n<div class=\"col-md-12 col-sm-12 recaptcha_acc input_adress\">Ce site est prot\u00e9g\u00e9 par reCAPTCHA. <a target=\"_blank\" href=\"https:\/\/policies.google.com\/privacy\" rel=\"noopener\"><u>les r\u00e8gles de confidentialit\u00e9<\/u><\/a> et <a target=\"_blank\" href=\"https:\/\/policies.google.com\/terms\" rel=\"noopener\"><u>les conditions d'utilisation<\/u><\/a> de Google s'appliquent.<\/div>\n<\/div>\n\n<div class=\"row\">\n<div class=\"col-md-12 col-sm-12 input_adress\"><input class=\"wpcf7-form-control wpcf7-submit has-spinner\" type=\"submit\" value=\"Envoyer\" \/><\/div>\n<\/div><div class=\"wpcf7-response-output\" aria-hidden=\"true\"><\/div>\n<\/form>\n<\/div>\n<\/div>\t\t\t\t<\/div>\n\t\t\t\t<\/div>\n\t\t\t\t<\/div>\n\t\t\t\t\t<\/div>\n\t\t\t\t<\/div>\n\t\t\t\t<\/div>\n\t\t","protected":false},"excerpt":{"rendered":"<p>ETS BOUTELOUP \u00e0 \u00c9vron en Mayenne (53) \u00c0 votre service Contactez-nous pour obtenir des informations, un devis ou programmer une intervention en plomberie, chauffage ou salle de bains. Notre \u00e9quipe reste disponible pour r\u00e9pondre \u00e0 vos demandes. Appelez-nous :02 43 01 66 20 ZA de Maubuard 53600 Evron Du Lundi au Jeudi : 08h00\u201312h00 | [&hellip;]<\/p>\n","protected":false},"author":1,"featured_media":1292,"parent":0,"menu_order":0,"comment_status":"closed","ping_status":"closed","template":"","meta":{"inline_featured_image":false,"footnotes":""},"class_list":["post-1058","page","type-page","status-publish","has-post-thumbnail","hentry"],"yoast_head":"<!-- This site is optimized with the Yoast SEO plugin v25.9 - https:\/\/yoast.com\/wordpress\/plugins\/seo\/ -->\n<title>ETS BOUTELOUP \u00e0 \u00c9vron en Mayenne (53) - Contactez-nous<\/title>\n<meta name=\"description\" content=\"Prenez contact avec l\u2019\u00e9quipe ETS BOUTELOUP \u00e0 \u00c9vron en Mayenne (53) pour toute demande de renseignement. Appelez-nous au 02 43 01 66 20.\" \/>\n<meta name=\"robots\" content=\"noindex, follow, max-snippet:-1, max-image-preview:large, max-video-preview:-1\" \/>\n<meta property=\"og:locale\" content=\"fr_FR\" \/>\n<meta property=\"og:type\" content=\"article\" \/>\n<meta property=\"og:title\" content=\"ETS BOUTELOUP \u00e0 \u00c9vron en Mayenne (53) - Contactez-nous\" \/>\n<meta property=\"og:description\" content=\"Prenez contact avec l\u2019\u00e9quipe ETS BOUTELOUP \u00e0 \u00c9vron en Mayenne (53) pour toute demande de renseignement. Appelez-nous au 02 43 01 66 20.\" \/>\n<meta property=\"og:url\" content=\"https:\/\/www.ets-bouteloup.fr\/refonte\/contact\/\" \/>\n<meta property=\"og:site_name\" content=\"ETS BOUTELOUP\" \/>\n<meta property=\"article:modified_time\" content=\"2025-05-16T12:39:50+00:00\" \/>\n<meta property=\"og:image\" content=\"https:\/\/www.ets-bouteloup.fr\/refonte\/wp-content\/uploads\/2025\/05\/ets-bouteloup-plombier-chauffagiste-a-evron-en-mayenne-53-Contact.webp\" \/>\n\t<meta property=\"og:image:width\" content=\"1200\" \/>\n\t<meta property=\"og:image:height\" content=\"620\" \/>\n\t<meta property=\"og:image:type\" content=\"image\/webp\" \/>\n<meta name=\"twitter:card\" content=\"summary_large_image\" \/>\n<meta name=\"twitter:label1\" content=\"Dur\u00e9e de lecture estim\u00e9e\" \/>\n\t<meta name=\"twitter:data1\" content=\"1 minute\" \/>\n<script type=\"application\/ld+json\" class=\"yoast-schema-graph\">{\"@context\":\"https:\/\/schema.org\",\"@graph\":[{\"@type\":\"WebPage\",\"@id\":\"https:\/\/www.ets-bouteloup.fr\/refonte\/contact\/\",\"url\":\"https:\/\/www.ets-bouteloup.fr\/refonte\/contact\/\",\"name\":\"ETS BOUTELOUP \u00e0 \u00c9vron en Mayenne (53) - Contactez-nous\",\"isPartOf\":{\"@id\":\"https:\/\/www.ets-bouteloup.fr\/refonte\/#website\"},\"primaryImageOfPage\":{\"@id\":\"https:\/\/www.ets-bouteloup.fr\/refonte\/contact\/#primaryimage\"},\"image\":{\"@id\":\"https:\/\/www.ets-bouteloup.fr\/refonte\/contact\/#primaryimage\"},\"thumbnailUrl\":\"https:\/\/www.ets-bouteloup.fr\/refonte\/wp-content\/uploads\/2025\/05\/ets-bouteloup-plombier-chauffagiste-a-evron-en-mayenne-53-Contact.webp\",\"datePublished\":\"2025-05-05T10:29:50+00:00\",\"dateModified\":\"2025-05-16T12:39:50+00:00\",\"description\":\"Prenez contact avec l\u2019\u00e9quipe ETS BOUTELOUP \u00e0 \u00c9vron en Mayenne (53) pour toute demande de renseignement. Appelez-nous au 02 43 01 66 20.\",\"breadcrumb\":{\"@id\":\"https:\/\/www.ets-bouteloup.fr\/refonte\/contact\/#breadcrumb\"},\"inLanguage\":\"fr-FR\",\"potentialAction\":[{\"@type\":\"ReadAction\",\"target\":[\"https:\/\/www.ets-bouteloup.fr\/refonte\/contact\/\"]}]},{\"@type\":\"ImageObject\",\"inLanguage\":\"fr-FR\",\"@id\":\"https:\/\/www.ets-bouteloup.fr\/refonte\/contact\/#primaryimage\",\"url\":\"https:\/\/www.ets-bouteloup.fr\/refonte\/wp-content\/uploads\/2025\/05\/ets-bouteloup-plombier-chauffagiste-a-evron-en-mayenne-53-Contact.webp\",\"contentUrl\":\"https:\/\/www.ets-bouteloup.fr\/refonte\/wp-content\/uploads\/2025\/05\/ets-bouteloup-plombier-chauffagiste-a-evron-en-mayenne-53-Contact.webp\",\"width\":1200,\"height\":620,\"caption\":\"Ets Bouteloup Plombier Chauffagiste A Evron En Mayenne 53 Contact\"},{\"@type\":\"BreadcrumbList\",\"@id\":\"https:\/\/www.ets-bouteloup.fr\/refonte\/contact\/#breadcrumb\",\"itemListElement\":[{\"@type\":\"ListItem\",\"position\":1,\"name\":\"Home\",\"item\":\"https:\/\/www.ets-bouteloup.fr\/refonte\/\"},{\"@type\":\"ListItem\",\"position\":2,\"name\":\"CONTACT\"}]},{\"@type\":\"WebSite\",\"@id\":\"https:\/\/www.ets-bouteloup.fr\/refonte\/#website\",\"url\":\"https:\/\/www.ets-bouteloup.fr\/refonte\/\",\"name\":\"ETS BOUTELOUP\",\"description\":\"\",\"potentialAction\":[{\"@type\":\"SearchAction\",\"target\":{\"@type\":\"EntryPoint\",\"urlTemplate\":\"https:\/\/www.ets-bouteloup.fr\/refonte\/?s={search_term_string}\"},\"query-input\":{\"@type\":\"PropertyValueSpecification\",\"valueRequired\":true,\"valueName\":\"search_term_string\"}}],\"inLanguage\":\"fr-FR\"}]}<\/script>\n<!-- \/ Yoast SEO plugin. -->","yoast_head_json":{"title":"ETS BOUTELOUP \u00e0 \u00c9vron en Mayenne (53) - Contactez-nous","description":"Prenez contact avec l\u2019\u00e9quipe ETS BOUTELOUP \u00e0 \u00c9vron en Mayenne (53) pour toute demande de renseignement. Appelez-nous au 02 43 01 66 20.","robots":{"index":"noindex","follow":"follow","max-snippet":"max-snippet:-1","max-image-preview":"max-image-preview:large","max-video-preview":"max-video-preview:-1"},"og_locale":"fr_FR","og_type":"article","og_title":"ETS BOUTELOUP \u00e0 \u00c9vron en Mayenne (53) - Contactez-nous","og_description":"Prenez contact avec l\u2019\u00e9quipe ETS BOUTELOUP \u00e0 \u00c9vron en Mayenne (53) pour toute demande de renseignement. Appelez-nous au 02 43 01 66 20.","og_url":"https:\/\/www.ets-bouteloup.fr\/refonte\/contact\/","og_site_name":"ETS BOUTELOUP","article_modified_time":"2025-05-16T12:39:50+00:00","og_image":[{"width":1200,"height":620,"url":"https:\/\/www.ets-bouteloup.fr\/refonte\/wp-content\/uploads\/2025\/05\/ets-bouteloup-plombier-chauffagiste-a-evron-en-mayenne-53-Contact.webp","type":"image\/webp"}],"twitter_card":"summary_large_image","twitter_misc":{"Dur\u00e9e de lecture estim\u00e9e":"1 minute"},"schema":{"@context":"https:\/\/schema.org","@graph":[{"@type":"WebPage","@id":"https:\/\/www.ets-bouteloup.fr\/refonte\/contact\/","url":"https:\/\/www.ets-bouteloup.fr\/refonte\/contact\/","name":"ETS BOUTELOUP \u00e0 \u00c9vron en Mayenne (53) - Contactez-nous","isPartOf":{"@id":"https:\/\/www.ets-bouteloup.fr\/refonte\/#website"},"primaryImageOfPage":{"@id":"https:\/\/www.ets-bouteloup.fr\/refonte\/contact\/#primaryimage"},"image":{"@id":"https:\/\/www.ets-bouteloup.fr\/refonte\/contact\/#primaryimage"},"thumbnailUrl":"https:\/\/www.ets-bouteloup.fr\/refonte\/wp-content\/uploads\/2025\/05\/ets-bouteloup-plombier-chauffagiste-a-evron-en-mayenne-53-Contact.webp","datePublished":"2025-05-05T10:29:50+00:00","dateModified":"2025-05-16T12:39:50+00:00","description":"Prenez contact avec l\u2019\u00e9quipe ETS BOUTELOUP \u00e0 \u00c9vron en Mayenne (53) pour toute demande de renseignement. Appelez-nous au 02 43 01 66 20.","breadcrumb":{"@id":"https:\/\/www.ets-bouteloup.fr\/refonte\/contact\/#breadcrumb"},"inLanguage":"fr-FR","potentialAction":[{"@type":"ReadAction","target":["https:\/\/www.ets-bouteloup.fr\/refonte\/contact\/"]}]},{"@type":"ImageObject","inLanguage":"fr-FR","@id":"https:\/\/www.ets-bouteloup.fr\/refonte\/contact\/#primaryimage","url":"https:\/\/www.ets-bouteloup.fr\/refonte\/wp-content\/uploads\/2025\/05\/ets-bouteloup-plombier-chauffagiste-a-evron-en-mayenne-53-Contact.webp","contentUrl":"https:\/\/www.ets-bouteloup.fr\/refonte\/wp-content\/uploads\/2025\/05\/ets-bouteloup-plombier-chauffagiste-a-evron-en-mayenne-53-Contact.webp","width":1200,"height":620,"caption":"Ets Bouteloup Plombier Chauffagiste A Evron En Mayenne 53 Contact"},{"@type":"BreadcrumbList","@id":"https:\/\/www.ets-bouteloup.fr\/refonte\/contact\/#breadcrumb","itemListElement":[{"@type":"ListItem","position":1,"name":"Home","item":"https:\/\/www.ets-bouteloup.fr\/refonte\/"},{"@type":"ListItem","position":2,"name":"CONTACT"}]},{"@type":"WebSite","@id":"https:\/\/www.ets-bouteloup.fr\/refonte\/#website","url":"https:\/\/www.ets-bouteloup.fr\/refonte\/","name":"ETS BOUTELOUP","description":"","potentialAction":[{"@type":"SearchAction","target":{"@type":"EntryPoint","urlTemplate":"https:\/\/www.ets-bouteloup.fr\/refonte\/?s={search_term_string}"},"query-input":{"@type":"PropertyValueSpecification","valueRequired":true,"valueName":"search_term_string"}}],"inLanguage":"fr-FR"}]}},"_links":{"self":[{"href":"https:\/\/www.ets-bouteloup.fr\/refonte\/wp-json\/wp\/v2\/pages\/1058","targetHints":{"allow":["GET"]}}],"collection":[{"href":"https:\/\/www.ets-bouteloup.fr\/refonte\/wp-json\/wp\/v2\/pages"}],"about":[{"href":"https:\/\/www.ets-bouteloup.fr\/refonte\/wp-json\/wp\/v2\/types\/page"}],"author":[{"embeddable":true,"href":"https:\/\/www.ets-bouteloup.fr\/refonte\/wp-json\/wp\/v2\/users\/1"}],"replies":[{"embeddable":true,"href":"https:\/\/www.ets-bouteloup.fr\/refonte\/wp-json\/wp\/v2\/comments?post=1058"}],"version-history":[{"count":10,"href":"https:\/\/www.ets-bouteloup.fr\/refonte\/wp-json\/wp\/v2\/pages\/1058\/revisions"}],"predecessor-version":[{"id":2894,"href":"https:\/\/www.ets-bouteloup.fr\/refonte\/wp-json\/wp\/v2\/pages\/1058\/revisions\/2894"}],"wp:featuredmedia":[{"embeddable":true,"href":"https:\/\/www.ets-bouteloup.fr\/refonte\/wp-json\/wp\/v2\/media\/1292"}],"wp:attachment":[{"href":"https:\/\/www.ets-bouteloup.fr\/refonte\/wp-json\/wp\/v2\/media?parent=1058"}],"curies":[{"name":"wp","href":"https:\/\/api.w.org\/{rel}","templated":true}]}}