{"id":2089,"date":"2021-11-01T16:49:31","date_gmt":"2021-11-01T15:49:31","guid":{"rendered":"https:\/\/www.ets-bouteloup.fr\/?page_id=2089"},"modified":"2025-05-07T16:59:20","modified_gmt":"2025-05-07T14:59:20","slug":"depannage-plomberie-vilaine-la-juhel","status":"publish","type":"page","link":"https:\/\/www.ets-bouteloup.fr\/refonte\/depannage-plomberie-vilaine-la-juhel\/","title":{"rendered":"&#8230; D\u00e9pannage plomberie Vilaine la Juhel"},"content":{"rendered":"\t\t<div data-elementor-type=\"wp-page\" data-elementor-id=\"2089\" class=\"elementor elementor-2089\">\n\t\t\t\t<div class=\"elementor-element elementor-element-cd8adfb sec_h1 e-flex e-con-boxed coherence-container-background-zoom-no coherence-sticky-section-no elementor-invisible e-con e-parent\" data-id=\"cd8adfb\" data-element_type=\"container\" data-settings=\"{&quot;animation&quot;:&quot;fadeInUp&quot;}\">\n\t\t\t\t\t<div class=\"e-con-inner\">\n\t\t<div class=\"elementor-element elementor-element-5e64b15 e-con-full e-flex coherence-container-background-zoom-no coherence-sticky-section-no e-con e-child\" data-id=\"5e64b15\" data-element_type=\"container\" data-settings=\"{&quot;background_background&quot;:&quot;classic&quot;}\">\n\t\t<div class=\"elementor-element elementor-element-a4b2386 e-con-full animate_01 elementor-hidden-tablet elementor-hidden-mobile_extra elementor-hidden-mobile e-flex coherence-container-background-zoom-no coherence-sticky-section-no e-con e-child\" data-id=\"a4b2386\" data-element_type=\"container\" data-settings=\"{&quot;position&quot;:&quot;absolute&quot;}\">\n\t\t\t\t<\/div>\n\t\t\t\t<\/div>\n\t\t<div class=\"elementor-element elementor-element-537b375 e-con-full e-flex coherence-container-background-zoom-no coherence-sticky-section-no e-con e-child\" data-id=\"537b375\" data-element_type=\"container\" data-settings=\"{&quot;background_background&quot;:&quot;classic&quot;}\">\n\t\t\t\t<div class=\"elementor-element elementor-element-720afd0 elementor-widget-divider--view-line elementor-widget elementor-widget-divider\" data-id=\"720afd0\" data-element_type=\"widget\" data-widget_type=\"divider.default\">\n\t\t\t\t\t\t\t<div class=\"elementor-divider\">\n\t\t\t<span class=\"elementor-divider-separator\">\n\t\t\t\t\t\t<\/span>\n\t\t<\/div>\n\t\t\t\t\t\t<\/div>\n\t\t\t\t<div class=\"elementor-element elementor-element-6844f09 elementor-widget elementor-widget-coherence_Heading_widget\" data-id=\"6844f09\" data-element_type=\"widget\" data-widget_type=\"coherence_Heading_widget.default\">\n\t\t\t\t<div class=\"elementor-widget-container\">\n\t\t\t\t\t<h1 class=\"coherence-heading elementor-heading-title\"><span class=\"separator-sup-title\">BOUTELOUP<\/span> <span class=\"coherence-heading-text\">Vos travaux de d\u00e9pannage plomberie Vilaine la Juhel<\/span>  <\/h1>\t\t\t\t<\/div>\n\t\t\t\t<\/div>\n\t\t\t\t<div class=\"elementor-element elementor-element-0aff142 elementor-widget elementor-widget-text-editor\" data-id=\"0aff142\" data-element_type=\"widget\" data-widget_type=\"text-editor.default\">\n\t\t\t\t\t\t\t\t\t<p>\u00cates-vous confront\u00e9 \u00e0 des soucis de tuyauterie ou des canalisations obstru\u00e9es ? L\u2019\u00e9quipe de BOUTELOUP est \u00e0 votre disposition pour r\u00e9pondre \u00e0 tous vos probl\u00e8mes de d\u00e9pannage plomberie Vilaine la Juhel.<\/p><p>Fort de notre exp\u00e9rience et notre fiabilit\u00e9 au fil des ann\u00e9es, nous mettons en pratique notre savoir-faire pour r\u00e9pondre \u00e0 vos attentes. Nous effectuons un examen d\u00e9taill\u00e9 afin de vous fournir un service de d\u00e9pannage plomberie Vilaine la Juhel en conformit\u00e9 avec les meilleures pratiques de l\u2019industrie. Peu importe vos exigences, nous assurons un travail soign\u00e9, ajust\u00e9 \u00e0 vos besoins. En outre, nous offrons un service rapide, tout en tenant compte de vos contraintes et de votre budget.<\/p><p>En plus de la r\u00e9paration de d\u00e9pannage plomberie Vilaine la Juhel, nous sommes l\u00e0 pour vous accompagner dans tous vos projets d\u2019am\u00e9nagement ou de r\u00e9novation de salles de bain. De plus, nous nous assurons de vous fournir des solutions personnalis\u00e9es pour vous garantir un service conforme \u00e0 vos attentes.<\/p><p>Pour plus d\u2019informations, n\u2019h\u00e9sitez pas \u00e0 nous joindre au 02 43 01 66 20 ou via notre formulaire de contact.<\/p>\t\t\t\t\t\t\t\t<\/div>\n\t\t\t\t<div class=\"elementor-element elementor-element-2889329 elementor-tablet-align-center elementor-widget elementor-widget-coherence-Button-widget\" data-id=\"2889329\" data-element_type=\"widget\" data-widget_type=\"coherence-Button-widget.default\">\n\t\t\t\t<div class=\"elementor-widget-container\">\n\t\t\t\t\t<div class=\"elementor-button-wrapper coherence-button-wrapper\">\r\n    <a href=\"\/contact\/\" class=\"elementor-button-link elementor-button elementor-size-sm coherence-button-style-solid\" role=\"button\">\r\n        <span class=\"elementor-button-content-wrapper\">\r\n                        <span class=\"elementor-button-text\">Devis gratuit<\/span>\r\n        <\/span>\r\n    <\/a>\r\n<\/div>\t\t\t\t<\/div>\n\t\t\t\t<\/div>\n\t\t\t\t<\/div>\n\t\t\t\t\t<\/div>\n\t\t\t\t<\/div>\n\t\t<div class=\"elementor-element elementor-element-66354bb e-flex e-con-boxed coherence-container-background-zoom-no coherence-sticky-section-no e-con e-parent\" data-id=\"66354bb\" data-element_type=\"container\" data-settings=\"{&quot;background_background&quot;:&quot;classic&quot;}\">\n\t\t\t\t\t<div class=\"e-con-inner\">\n\t\t<div class=\"elementor-element elementor-element-2554891 e-con-full e-flex coherence-container-background-zoom-no coherence-sticky-section-no elementor-invisible e-con e-child\" data-id=\"2554891\" data-element_type=\"container\" data-settings=\"{&quot;background_background&quot;:&quot;classic&quot;,&quot;animation&quot;:&quot;slideInDown&quot;}\">\n\t\t\t\t<div class=\"elementor-element elementor-element-93c187a elementor-widget-divider--view-line elementor-widget elementor-widget-divider\" data-id=\"93c187a\" data-element_type=\"widget\" data-widget_type=\"divider.default\">\n\t\t\t\t\t\t\t<div class=\"elementor-divider\">\n\t\t\t<span class=\"elementor-divider-separator\">\n\t\t\t\t\t\t<\/span>\n\t\t<\/div>\n\t\t\t\t\t\t<\/div>\n\t\t\t\t<div class=\"elementor-element elementor-element-c574f6e elementor-widget__width-initial elementor-widget-laptop__width-initial elementor-widget elementor-widget-coherence_Heading_widget\" data-id=\"c574f6e\" data-element_type=\"widget\" data-widget_type=\"coherence_Heading_widget.default\">\n\t\t\t\t<div class=\"elementor-widget-container\">\n\t\t\t\t\t<h2 class=\"coherence-heading elementor-heading-title\"> <span class=\"coherence-heading-text\">N\u2019h\u00e9sitez pas \u00e0 faire appel \u00e0 nos artisans pour tous vos besoins en plomberie Vilaine la Juhel<\/span>  <\/h2>\t\t\t\t<\/div>\n\t\t\t\t<\/div>\n\t\t\t\t<\/div>\n\t\t<div class=\"elementor-element elementor-element-4568882 e-con-full e-flex coherence-container-background-zoom-no coherence-sticky-section-no e-con e-child\" data-id=\"4568882\" data-element_type=\"container\">\n\t\t<div class=\"elementor-element elementor-element-15c2692 e-con-full e-flex coherence-container-background-zoom-no coherence-sticky-section-no e-con e-child\" data-id=\"15c2692\" data-element_type=\"container\">\n\t\t<div class=\"elementor-element elementor-element-115bd68 e-con-full e-flex coherence-container-background-zoom-no coherence-sticky-section-no elementor-invisible e-con e-child\" data-id=\"115bd68\" data-element_type=\"container\" data-settings=\"{&quot;background_background&quot;:&quot;classic&quot;,&quot;animation&quot;:&quot;fadeInLeft&quot;}\">\n\t\t\t\t<div class=\"elementor-element elementor-element-93a6772 elementor-widget__width-initial elementor-widget-tablet_extra__width-initial elementor-widget elementor-widget-text-editor\" data-id=\"93a6772\" data-element_type=\"widget\" data-widget_type=\"text-editor.default\">\n\t\t\t\t\t\t\t\t\tNotre \u00e9quipe qualifi\u00e9e et versatile vous assure un service de r\u00e9paration en mati\u00e8re de plomberie et sanitaire, \u00e0 travers une vari\u00e9t\u00e9 de prestations adapt\u00e9es \u00e0 vos besoins, notamment :\t\t\t\t\t\t\t\t<\/div>\n\t\t\t\t<div class=\"elementor-element elementor-element-f3fd86e elementor-widget__width-initial elementor-widget-tablet_extra__width-initial elementor-widget elementor-widget-text-editor\" data-id=\"f3fd86e\" data-element_type=\"widget\" data-widget_type=\"text-editor.default\">\n\t\t\t\t\t\t\t\t\t<ul>\n<li>Le d\u00e9pannage de fuite de gaz et de fuite sanitaire,<\/li>\n<li>Le d\u00e9pannage de fuite d\u2019eau,<\/li>\n<li>L\u2019entretien et le remplacement de chaudi\u00e8re,<\/li>\n<li>Le d\u00e9pannage de radiateur,<\/li>\n<li>L\u2019entretien de sanitaires,<\/li>\n<li>L\u2019entretien, la maintenance et le remplacement de chauffe-eau,<\/li>\n<li>Le d\u00e9bouchage de canalisations,<\/li>\n<li>L\u2019entretien des circuits de radiateurs\u2026<\/li><\/ul>\t\t\t\t\t\t\t\t<\/div>\n\t\t\t\t<div class=\"elementor-element elementor-element-2147aa8 elementor-widget__width-initial elementor-widget-tablet_extra__width-initial elementor-widget elementor-widget-text-editor\" data-id=\"2147aa8\" data-element_type=\"widget\" data-widget_type=\"text-editor.default\">\n\t\t\t\t\t\t\t\t\t<p>Nos plombiers exp\u00e9riment\u00e9s vous garantissent un travail m\u00e9ticuleux et une intervention rapide, adapt\u00e9e \u00e0 vos besoins et \u00e0 votre budget.<\/p><p>Nous intervenons \u00e9galement \u00e0 Sainte-Suzanne, Sabl\u00e9-sur-Sarthe, Martign\u00e9-sur-Mayenne, Monts\u00fbrs, Evron et Villaines-la-Juhel ainsi qu\u2019\u00e0 travers toute la Mayenne (53).<\/p>\t\t\t\t\t\t\t\t<\/div>\n\t\t\t\t<\/div>\n\t\t\t\t<\/div>\n\t\t<div class=\"elementor-element elementor-element-ec3f707 e-con-full animate_01 e-flex coherence-container-background-zoom-no coherence-sticky-section-no elementor-invisible e-con e-child\" data-id=\"ec3f707\" data-element_type=\"container\" data-settings=\"{&quot;background_background&quot;:&quot;classic&quot;,&quot;animation&quot;:&quot;fadeInRight&quot;}\">\n\t\t\t\t<\/div>\n\t\t\t\t<\/div>\n\t\t\t\t\t<\/div>\n\t\t\t\t<\/div>\n\t\t<div class=\"elementor-element elementor-element-1482896 e-flex e-con-boxed coherence-container-background-zoom-no coherence-sticky-section-no e-con e-parent\" data-id=\"1482896\" data-element_type=\"container\" data-settings=\"{&quot;background_background&quot;:&quot;classic&quot;}\">\n\t\t\t\t\t<div class=\"e-con-inner\">\n\t\t<div class=\"elementor-element elementor-element-ee361c3 e-con-full e-flex coherence-container-background-zoom-no coherence-sticky-section-no e-con e-child\" data-id=\"ee361c3\" data-element_type=\"container\">\n\t\t<div class=\"elementor-element elementor-element-12bde7d e-con-full e-flex coherence-container-background-zoom-no coherence-sticky-section-no elementor-invisible e-con e-child\" data-id=\"12bde7d\" data-element_type=\"container\" data-settings=\"{&quot;background_background&quot;:&quot;classic&quot;,&quot;animation&quot;:&quot;fadeInLeft&quot;}\">\n\t\t\t\t<\/div>\n\t\t<div class=\"elementor-element elementor-element-ad9e72a e-con-full e-flex coherence-container-background-zoom-no coherence-sticky-section-no elementor-invisible e-con e-child\" data-id=\"ad9e72a\" data-element_type=\"container\" data-settings=\"{&quot;background_background&quot;:&quot;classic&quot;,&quot;animation&quot;:&quot;fadeInRight&quot;}\">\n\t\t\t\t<div class=\"elementor-element elementor-element-93294e5 elementor-widget-divider--view-line elementor-widget elementor-widget-divider\" data-id=\"93294e5\" data-element_type=\"widget\" data-widget_type=\"divider.default\">\n\t\t\t\t\t\t\t<div class=\"elementor-divider\">\n\t\t\t<span class=\"elementor-divider-separator\">\n\t\t\t\t\t\t<\/span>\n\t\t<\/div>\n\t\t\t\t\t\t<\/div>\n\t\t\t\t<div class=\"elementor-element elementor-element-79a6188 elementor-widget elementor-widget-coherence_Heading_widget\" data-id=\"79a6188\" data-element_type=\"widget\" data-widget_type=\"coherence_Heading_widget.default\">\n\t\t\t\t<div class=\"elementor-widget-container\">\n\t\t\t\t\t<h2 class=\"coherence-heading elementor-heading-title\"> <span class=\"coherence-heading-text\">Besoin d\u2019une r\u00e9paration de chauffage ? Sollicitez l\u2019intervention d\u2019un artisan exp\u00e9riment\u00e9<\/span>  <\/h2>\t\t\t\t<\/div>\n\t\t\t\t<\/div>\n\t\t\t\t<div class=\"elementor-element elementor-element-9199fcf elementor-widget elementor-widget-text-editor\" data-id=\"9199fcf\" data-element_type=\"widget\" data-widget_type=\"text-editor.default\">\n\t\t\t\t\t\t\t\t\tReconnu pour son savoir-faire et son professionnalisme, notre chauffagiste est capable de vous offrir une gamme de services qui r\u00e9pondent parfaitement \u00e0 vos besoins de r\u00e9paration de chauffage.\n\nEn effet, il intervient au niveau de vos travaux de :\t\t\t\t\t\t\t\t<\/div>\n\t\t\t\t<div class=\"elementor-element elementor-element-4bed9b4 elementor-widget elementor-widget-text-editor\" data-id=\"4bed9b4\" data-element_type=\"widget\" data-widget_type=\"text-editor.default\">\n\t\t\t\t\t\t\t\t\t<ul>\n<li>D\u00e9pannage et entretien,<\/li>\n<li>D\u00e9sembouage des circuits de chauffage,<\/li>\n<li>D\u00e9tartrage des appareils de chauffages,<\/li>\n<li>Analyse de combustion,<\/li>\n<li>Remise en route de chaudi\u00e8re,<\/li>\n<li>Ramonage des conduits des fum\u00e9es de chaudi\u00e8re,<\/li>\n<li>R\u00e9novation et remplacement de syst\u00e8me de chauffage\u2026<\/li>\n<\/ul>\t\t\t\t\t\t\t\t<\/div>\n\t\t\t\t<div class=\"elementor-element elementor-element-32b64bd elementor-widget elementor-widget-text-editor\" data-id=\"32b64bd\" data-element_type=\"widget\" data-widget_type=\"text-editor.default\">\n\t\t\t\t\t\t\t\t\tNous intervenons aupr\u00e8s des particuliers et des professionnels et nous nous engageons \u00e0 vous apporter des solutions performantes \u00e0 la hauteur de vos attentes.\t\t\t\t\t\t\t\t<\/div>\n\t\t\t\t<\/div>\n\t\t\t\t<\/div>\n\t\t\t\t\t<\/div>\n\t\t\t\t<\/div>\n\t\t<div class=\"elementor-element elementor-element-dffe7e8 e-flex e-con-boxed coherence-container-background-zoom-no coherence-sticky-section-no e-con e-parent\" data-id=\"dffe7e8\" data-element_type=\"container\" data-settings=\"{&quot;background_background&quot;:&quot;classic&quot;}\">\n\t\t\t\t\t<div class=\"e-con-inner\">\n\t\t<div class=\"elementor-element elementor-element-14a7871 e-con-full animated-slow e-flex coherence-container-background-zoom-no coherence-sticky-section-no elementor-invisible e-con e-child\" data-id=\"14a7871\" data-element_type=\"container\" data-settings=\"{&quot;background_background&quot;:&quot;classic&quot;,&quot;animation&quot;:&quot;bounceInRight&quot;}\">\n\t\t\t\t<div class=\"elementor-element elementor-element-0dfceb8 elementor-widget__width-initial elementor-widget elementor-widget-text-editor\" data-id=\"0dfceb8\" data-element_type=\"widget\" data-widget_type=\"text-editor.default\">\n\t\t\t\t\t\t\t\t\t<p>Pour de plus amples renseignements, n\u2019h\u00e9sitez pas \u00e0 nous contacter au : 02 43 01 66 20 !<\/p>\t\t\t\t\t\t\t\t<\/div>\n\t\t\t\t<div class=\"elementor-element elementor-element-1818880 elementor-tablet-align-center elementor-align-center elementor-widget elementor-widget-coherence-Button-widget\" data-id=\"1818880\" data-element_type=\"widget\" data-widget_type=\"coherence-Button-widget.default\">\n\t\t\t\t<div class=\"elementor-widget-container\">\n\t\t\t\t\t<div class=\"elementor-button-wrapper coherence-button-wrapper\">\r\n    <a href=\"\/contact\/\" class=\"elementor-button-link elementor-button elementor-size-sm coherence-button-style-solid\" role=\"button\">\r\n        <span class=\"elementor-button-content-wrapper\">\r\n                        <span class=\"elementor-button-text\">Contactez-nous<\/span>\r\n        <\/span>\r\n    <\/a>\r\n<\/div>\t\t\t\t<\/div>\n\t\t\t\t<\/div>\n\t\t\t\t<\/div>\n\t\t\t\t\t<\/div>\n\t\t\t\t<\/div>\n\t\t\t\t<\/div>\n\t\t","protected":false},"excerpt":{"rendered":"<p>BOUTELOUP Vos travaux de d\u00e9pannage plomberie Vilaine la Juhel \u00cates-vous confront\u00e9 \u00e0 des soucis de tuyauterie ou des canalisations obstru\u00e9es ? L\u2019\u00e9quipe de BOUTELOUP est \u00e0 votre disposition pour r\u00e9pondre \u00e0 tous vos probl\u00e8mes de d\u00e9pannage plomberie Vilaine la Juhel. Fort de notre exp\u00e9rience et notre fiabilit\u00e9 au fil des ann\u00e9es, nous mettons en pratique [&hellip;]<\/p>\n","protected":false},"author":1,"featured_media":862,"parent":0,"menu_order":0,"comment_status":"closed","ping_status":"closed","template":"","meta":{"inline_featured_image":false,"footnotes":""},"class_list":["post-2089","page","type-page","status-publish","has-post-thumbnail","hentry"],"yoast_head":"<!-- This site is optimized with the Yoast SEO plugin v25.9 - https:\/\/yoast.com\/wordpress\/plugins\/seo\/ -->\n<title>D\u00e9pannage plomberie Vilaine la Juhel - BOUTELOUP<\/title>\n<meta name=\"description\" content=\"Vous cherchez un sp\u00e9cialiste en d\u00e9pannage plomberie Vilaine la Juhel ? BOUTELOUP est le prestataire qu\u2019il vous faut ! Contactez-nous au 02 43 01 66 20\" \/>\n<meta name=\"robots\" content=\"noindex, follow, max-snippet:-1, max-image-preview:large, max-video-preview:-1\" \/>\n<meta property=\"og:locale\" content=\"fr_FR\" \/>\n<meta property=\"og:type\" content=\"article\" \/>\n<meta property=\"og:title\" content=\"D\u00e9pannage plomberie Vilaine la Juhel - BOUTELOUP\" \/>\n<meta property=\"og:description\" content=\"Vous cherchez un sp\u00e9cialiste en d\u00e9pannage plomberie Vilaine la Juhel ? BOUTELOUP est le prestataire qu\u2019il vous faut ! Contactez-nous au 02 43 01 66 20\" \/>\n<meta property=\"og:url\" content=\"https:\/\/www.ets-bouteloup.fr\/refonte\/depannage-plomberie-vilaine-la-juhel\/\" \/>\n<meta property=\"og:site_name\" content=\"ETS BOUTELOUP\" \/>\n<meta property=\"article:modified_time\" content=\"2025-05-07T14:59:20+00:00\" \/>\n<meta name=\"twitter:card\" content=\"summary_large_image\" \/>\n<meta name=\"twitter:label1\" content=\"Dur\u00e9e de lecture estim\u00e9e\" \/>\n\t<meta name=\"twitter:data1\" content=\"3 minutes\" \/>\n<script type=\"application\/ld+json\" class=\"yoast-schema-graph\">{\"@context\":\"https:\/\/schema.org\",\"@graph\":[{\"@type\":\"WebPage\",\"@id\":\"https:\/\/www.ets-bouteloup.fr\/refonte\/depannage-plomberie-vilaine-la-juhel\/\",\"url\":\"https:\/\/www.ets-bouteloup.fr\/refonte\/depannage-plomberie-vilaine-la-juhel\/\",\"name\":\"D\u00e9pannage plomberie Vilaine la Juhel - BOUTELOUP\",\"isPartOf\":{\"@id\":\"https:\/\/www.ets-bouteloup.fr\/refonte\/#website\"},\"primaryImageOfPage\":{\"@id\":\"https:\/\/www.ets-bouteloup.fr\/refonte\/depannage-plomberie-vilaine-la-juhel\/#primaryimage\"},\"image\":{\"@id\":\"https:\/\/www.ets-bouteloup.fr\/refonte\/depannage-plomberie-vilaine-la-juhel\/#primaryimage\"},\"thumbnailUrl\":\"\",\"datePublished\":\"2021-11-01T15:49:31+00:00\",\"dateModified\":\"2025-05-07T14:59:20+00:00\",\"description\":\"Vous cherchez un sp\u00e9cialiste en d\u00e9pannage plomberie Vilaine la Juhel ? BOUTELOUP est le prestataire qu\u2019il vous faut ! Contactez-nous au 02 43 01 66 20\",\"breadcrumb\":{\"@id\":\"https:\/\/www.ets-bouteloup.fr\/refonte\/depannage-plomberie-vilaine-la-juhel\/#breadcrumb\"},\"inLanguage\":\"fr-FR\",\"potentialAction\":[{\"@type\":\"ReadAction\",\"target\":[\"https:\/\/www.ets-bouteloup.fr\/refonte\/depannage-plomberie-vilaine-la-juhel\/\"]}]},{\"@type\":\"ImageObject\",\"inLanguage\":\"fr-FR\",\"@id\":\"https:\/\/www.ets-bouteloup.fr\/refonte\/depannage-plomberie-vilaine-la-juhel\/#primaryimage\",\"url\":\"\",\"contentUrl\":\"\"},{\"@type\":\"BreadcrumbList\",\"@id\":\"https:\/\/www.ets-bouteloup.fr\/refonte\/depannage-plomberie-vilaine-la-juhel\/#breadcrumb\",\"itemListElement\":[{\"@type\":\"ListItem\",\"position\":1,\"name\":\"Home\",\"item\":\"https:\/\/www.ets-bouteloup.fr\/refonte\/\"},{\"@type\":\"ListItem\",\"position\":2,\"name\":\"&#8230; D\u00e9pannage plomberie Vilaine la Juhel\"}]},{\"@type\":\"WebSite\",\"@id\":\"https:\/\/www.ets-bouteloup.fr\/refonte\/#website\",\"url\":\"https:\/\/www.ets-bouteloup.fr\/refonte\/\",\"name\":\"ETS BOUTELOUP\",\"description\":\"\",\"potentialAction\":[{\"@type\":\"SearchAction\",\"target\":{\"@type\":\"EntryPoint\",\"urlTemplate\":\"https:\/\/www.ets-bouteloup.fr\/refonte\/?s={search_term_string}\"},\"query-input\":{\"@type\":\"PropertyValueSpecification\",\"valueRequired\":true,\"valueName\":\"search_term_string\"}}],\"inLanguage\":\"fr-FR\"}]}<\/script>\n<!-- \/ Yoast SEO plugin. -->","yoast_head_json":{"title":"D\u00e9pannage plomberie Vilaine la Juhel - BOUTELOUP","description":"Vous cherchez un sp\u00e9cialiste en d\u00e9pannage plomberie Vilaine la Juhel ? BOUTELOUP est le prestataire qu\u2019il vous faut ! Contactez-nous au 02 43 01 66 20","robots":{"index":"noindex","follow":"follow","max-snippet":"max-snippet:-1","max-image-preview":"max-image-preview:large","max-video-preview":"max-video-preview:-1"},"og_locale":"fr_FR","og_type":"article","og_title":"D\u00e9pannage plomberie Vilaine la Juhel - BOUTELOUP","og_description":"Vous cherchez un sp\u00e9cialiste en d\u00e9pannage plomberie Vilaine la Juhel ? BOUTELOUP est le prestataire qu\u2019il vous faut ! Contactez-nous au 02 43 01 66 20","og_url":"https:\/\/www.ets-bouteloup.fr\/refonte\/depannage-plomberie-vilaine-la-juhel\/","og_site_name":"ETS BOUTELOUP","article_modified_time":"2025-05-07T14:59:20+00:00","twitter_card":"summary_large_image","twitter_misc":{"Dur\u00e9e de lecture estim\u00e9e":"3 minutes"},"schema":{"@context":"https:\/\/schema.org","@graph":[{"@type":"WebPage","@id":"https:\/\/www.ets-bouteloup.fr\/refonte\/depannage-plomberie-vilaine-la-juhel\/","url":"https:\/\/www.ets-bouteloup.fr\/refonte\/depannage-plomberie-vilaine-la-juhel\/","name":"D\u00e9pannage plomberie Vilaine la Juhel - BOUTELOUP","isPartOf":{"@id":"https:\/\/www.ets-bouteloup.fr\/refonte\/#website"},"primaryImageOfPage":{"@id":"https:\/\/www.ets-bouteloup.fr\/refonte\/depannage-plomberie-vilaine-la-juhel\/#primaryimage"},"image":{"@id":"https:\/\/www.ets-bouteloup.fr\/refonte\/depannage-plomberie-vilaine-la-juhel\/#primaryimage"},"thumbnailUrl":"","datePublished":"2021-11-01T15:49:31+00:00","dateModified":"2025-05-07T14:59:20+00:00","description":"Vous cherchez un sp\u00e9cialiste en d\u00e9pannage plomberie Vilaine la Juhel ? BOUTELOUP est le prestataire qu\u2019il vous faut ! Contactez-nous au 02 43 01 66 20","breadcrumb":{"@id":"https:\/\/www.ets-bouteloup.fr\/refonte\/depannage-plomberie-vilaine-la-juhel\/#breadcrumb"},"inLanguage":"fr-FR","potentialAction":[{"@type":"ReadAction","target":["https:\/\/www.ets-bouteloup.fr\/refonte\/depannage-plomberie-vilaine-la-juhel\/"]}]},{"@type":"ImageObject","inLanguage":"fr-FR","@id":"https:\/\/www.ets-bouteloup.fr\/refonte\/depannage-plomberie-vilaine-la-juhel\/#primaryimage","url":"","contentUrl":""},{"@type":"BreadcrumbList","@id":"https:\/\/www.ets-bouteloup.fr\/refonte\/depannage-plomberie-vilaine-la-juhel\/#breadcrumb","itemListElement":[{"@type":"ListItem","position":1,"name":"Home","item":"https:\/\/www.ets-bouteloup.fr\/refonte\/"},{"@type":"ListItem","position":2,"name":"&#8230; D\u00e9pannage plomberie Vilaine la Juhel"}]},{"@type":"WebSite","@id":"https:\/\/www.ets-bouteloup.fr\/refonte\/#website","url":"https:\/\/www.ets-bouteloup.fr\/refonte\/","name":"ETS BOUTELOUP","description":"","potentialAction":[{"@type":"SearchAction","target":{"@type":"EntryPoint","urlTemplate":"https:\/\/www.ets-bouteloup.fr\/refonte\/?s={search_term_string}"},"query-input":{"@type":"PropertyValueSpecification","valueRequired":true,"valueName":"search_term_string"}}],"inLanguage":"fr-FR"}]}},"_links":{"self":[{"href":"https:\/\/www.ets-bouteloup.fr\/refonte\/wp-json\/wp\/v2\/pages\/2089","targetHints":{"allow":["GET"]}}],"collection":[{"href":"https:\/\/www.ets-bouteloup.fr\/refonte\/wp-json\/wp\/v2\/pages"}],"about":[{"href":"https:\/\/www.ets-bouteloup.fr\/refonte\/wp-json\/wp\/v2\/types\/page"}],"author":[{"embeddable":true,"href":"https:\/\/www.ets-bouteloup.fr\/refonte\/wp-json\/wp\/v2\/users\/1"}],"replies":[{"embeddable":true,"href":"https:\/\/www.ets-bouteloup.fr\/refonte\/wp-json\/wp\/v2\/comments?post=2089"}],"version-history":[{"count":1,"href":"https:\/\/www.ets-bouteloup.fr\/refonte\/wp-json\/wp\/v2\/pages\/2089\/revisions"}],"predecessor-version":[{"id":2526,"href":"https:\/\/www.ets-bouteloup.fr\/refonte\/wp-json\/wp\/v2\/pages\/2089\/revisions\/2526"}],"wp:featuredmedia":[{"embeddable":true,"href":"https:\/\/www.ets-bouteloup.fr\/refonte\/wp-json\/"}],"wp:attachment":[{"href":"https:\/\/www.ets-bouteloup.fr\/refonte\/wp-json\/wp\/v2\/media?parent=2089"}],"curies":[{"name":"wp","href":"https:\/\/api.w.org\/{rel}","templated":true}]}}