{"id":452,"date":"2017-04-04T13:46:19","date_gmt":"2017-04-04T11:46:19","guid":{"rendered":"http:\/\/www.ets-bouteloup.fr\/?page_id=452"},"modified":"2025-05-07T16:59:18","modified_gmt":"2025-05-07T14:59:18","slug":"chauffage-a-evron","status":"publish","type":"page","link":"https:\/\/www.ets-bouteloup.fr\/refonte\/chauffage-a-evron\/","title":{"rendered":".. Chauffage \u00e0 Evron"},"content":{"rendered":"\t\t<div data-elementor-type=\"wp-page\" data-elementor-id=\"452\" class=\"elementor elementor-452\">\n\t\t\t\t<div class=\"elementor-element elementor-element-b6a0deb sec_h1 e-flex e-con-boxed coherence-container-background-zoom-no coherence-sticky-section-no elementor-invisible e-con e-parent\" data-id=\"b6a0deb\" data-element_type=\"container\" data-settings=\"{&quot;animation&quot;:&quot;fadeInUp&quot;}\">\n\t\t\t\t\t<div class=\"e-con-inner\">\n\t\t<div class=\"elementor-element elementor-element-49ad814 e-con-full e-flex coherence-container-background-zoom-no coherence-sticky-section-no e-con e-child\" data-id=\"49ad814\" data-element_type=\"container\" data-settings=\"{&quot;background_background&quot;:&quot;classic&quot;}\">\n\t\t<div class=\"elementor-element elementor-element-c30ba67 e-con-full animate_01 elementor-hidden-tablet elementor-hidden-mobile_extra elementor-hidden-mobile e-flex coherence-container-background-zoom-no coherence-sticky-section-no e-con e-child\" data-id=\"c30ba67\" data-element_type=\"container\" data-settings=\"{&quot;position&quot;:&quot;absolute&quot;}\">\n\t\t\t\t<\/div>\n\t\t\t\t<\/div>\n\t\t<div class=\"elementor-element elementor-element-529e9bb e-con-full e-flex coherence-container-background-zoom-no coherence-sticky-section-no e-con e-child\" data-id=\"529e9bb\" data-element_type=\"container\" data-settings=\"{&quot;background_background&quot;:&quot;classic&quot;}\">\n\t\t\t\t<div class=\"elementor-element elementor-element-9190dc0 elementor-widget-divider--view-line elementor-widget elementor-widget-divider\" data-id=\"9190dc0\" data-element_type=\"widget\" data-widget_type=\"divider.default\">\n\t\t\t\t\t\t\t<div class=\"elementor-divider\">\n\t\t\t<span class=\"elementor-divider-separator\">\n\t\t\t\t\t\t<\/span>\n\t\t<\/div>\n\t\t\t\t\t\t<\/div>\n\t\t\t\t<div class=\"elementor-element elementor-element-11a829a elementor-widget elementor-widget-coherence_Heading_widget\" data-id=\"11a829a\" data-element_type=\"widget\" data-widget_type=\"coherence_Heading_widget.default\">\n\t\t\t\t<div class=\"elementor-widget-container\">\n\t\t\t\t\t<h1 class=\"coherence-heading elementor-heading-title\"><span class=\"separator-sup-title\">BOUTELOUP<\/span> <span class=\"coherence-heading-text\">Besoin du conseil et de l\u2019assistance d\u2019un chauffagiste reconnu \u00e0 Evron ? Faites appel \u00e0 l\u2019\u00e9tablissement BOUTELOUP. Votre meilleure adresse d\u2019installation et de r\u00e9paration de Chauffage \u00e0 Evron<\/span>  <\/h1>\t\t\t\t<\/div>\n\t\t\t\t<\/div>\n\t\t\t\t<div class=\"elementor-element elementor-element-3a31397 elementor-widget elementor-widget-text-editor\" data-id=\"3a31397\" data-element_type=\"widget\" data-widget_type=\"text-editor.default\">\n\t\t\t\t\t\t\t\t\t<p>L\u2019\u00e9tablissement BOUTELOUP vous propose une multitude de prestations pour l\u2019installation, la mise en service ainsi que le d\u00e9pannage de votre Chauffage \u00e0 Evron. Nous intervenons au niveau de votre ballon \u00e9lectrique, votre chaudi\u00e8re, radiateur, br\u00fbleur, et chauffe-eau, et bien encore.<\/p><p>Nos artisans chauffagistes, vous conseillent et vous assistent dans le choix du Chauffage \u00e0 Evron, le plus ad\u00e9quat \u00e0 votre besoin. Nos experts chauffagistes se rendent \u00e9galement chez vous, ou dans votre \u00e9tablissement pour r\u00e9aliser un bilan thermique et l\u2019\u00e9tude chiffr\u00e9e de votre projet.<\/p>\t\t\t\t\t\t\t\t<\/div>\n\t\t\t\t<div class=\"elementor-element elementor-element-e0da659 elementor-tablet-align-center elementor-widget elementor-widget-coherence-Button-widget\" data-id=\"e0da659\" data-element_type=\"widget\" data-widget_type=\"coherence-Button-widget.default\">\n\t\t\t\t<div class=\"elementor-widget-container\">\n\t\t\t\t\t<div class=\"elementor-button-wrapper coherence-button-wrapper\">\r\n    <a href=\"\/contact\/\" class=\"elementor-button-link elementor-button elementor-size-sm coherence-button-style-solid\" role=\"button\">\r\n        <span class=\"elementor-button-content-wrapper\">\r\n                        <span class=\"elementor-button-text\">Devis gratuit<\/span>\r\n        <\/span>\r\n    <\/a>\r\n<\/div>\t\t\t\t<\/div>\n\t\t\t\t<\/div>\n\t\t\t\t<\/div>\n\t\t\t\t\t<\/div>\n\t\t\t\t<\/div>\n\t\t<div class=\"elementor-element elementor-element-56c703e e-flex e-con-boxed coherence-container-background-zoom-no coherence-sticky-section-no e-con e-parent\" data-id=\"56c703e\" data-element_type=\"container\" data-settings=\"{&quot;background_background&quot;:&quot;classic&quot;}\">\n\t\t\t\t\t<div class=\"e-con-inner\">\n\t\t<div class=\"elementor-element elementor-element-bc2c21a e-con-full e-flex coherence-container-background-zoom-no coherence-sticky-section-no e-con e-child\" data-id=\"bc2c21a\" data-element_type=\"container\">\n\t\t<div class=\"elementor-element elementor-element-bc32bec e-con-full e-flex coherence-container-background-zoom-no coherence-sticky-section-no e-con e-child\" data-id=\"bc32bec\" data-element_type=\"container\">\n\t\t<div class=\"elementor-element elementor-element-7196e2e e-con-full e-flex coherence-container-background-zoom-no coherence-sticky-section-no elementor-invisible e-con e-child\" data-id=\"7196e2e\" data-element_type=\"container\" data-settings=\"{&quot;background_background&quot;:&quot;classic&quot;,&quot;animation&quot;:&quot;fadeInLeft&quot;}\">\n\t\t\t\t<div class=\"elementor-element elementor-element-63b4f23 elementor-widget__width-initial elementor-widget-tablet_extra__width-initial elementor-widget elementor-widget-text-editor\" data-id=\"63b4f23\" data-element_type=\"widget\" data-widget_type=\"text-editor.default\">\n\t\t\t\t\t\t\t\t\t<p>Plombiers, d\u00e9di\u00e9s exclusivement \u00e0 l\u2019installation et \u00e0 la mise en service de chaudi\u00e8res et syst\u00e8mes de production d\u2019eau chaude sanitaire. Nous sommes en mesure de vous proposer toutes les solutions de chauffages existantes sur le march\u00e9 : de la chaudi\u00e8re \u00e0 gaz \u00e0 la P.A.C (pompe \u00e0 chaleur), du mode de chauffage le plus \u00e9conomique au moins rentable.<\/p><p>Pour vous, le choix de la solution retenue reste central. Il vous permettra de r\u00e9aliser des \u00e9conomies d\u2019\u00e9nergies tout au long de la vie de votre installation. Nos charg\u00e9s d\u2019affaires sont l\u00e0 pour vous conseiller.<\/p>\t\t\t\t\t\t\t\t<\/div>\n\t\t\t\t<\/div>\n\t\t\t\t<\/div>\n\t\t<div class=\"elementor-element elementor-element-6b56308 e-con-full animate_01 e-flex coherence-container-background-zoom-no coherence-sticky-section-no elementor-invisible e-con e-child\" data-id=\"6b56308\" data-element_type=\"container\" data-settings=\"{&quot;background_background&quot;:&quot;classic&quot;,&quot;animation&quot;:&quot;fadeInRight&quot;}\">\n\t\t\t\t<\/div>\n\t\t\t\t<\/div>\n\t\t\t\t\t<\/div>\n\t\t\t\t<\/div>\n\t\t<div class=\"elementor-element elementor-element-5ed81df e-flex e-con-boxed coherence-container-background-zoom-no coherence-sticky-section-no e-con e-parent\" data-id=\"5ed81df\" data-element_type=\"container\" data-settings=\"{&quot;background_background&quot;:&quot;classic&quot;}\">\n\t\t\t\t\t<div class=\"e-con-inner\">\n\t\t<div class=\"elementor-element elementor-element-0b6cc5d e-con-full e-flex coherence-container-background-zoom-no coherence-sticky-section-no elementor-invisible e-con e-child\" data-id=\"0b6cc5d\" data-element_type=\"container\" data-settings=\"{&quot;background_background&quot;:&quot;classic&quot;,&quot;animation&quot;:&quot;slideInDown&quot;}\">\n\t\t\t\t<div class=\"elementor-element elementor-element-2e1f6ef elementor-widget-divider--view-line elementor-widget elementor-widget-divider\" data-id=\"2e1f6ef\" data-element_type=\"widget\" data-widget_type=\"divider.default\">\n\t\t\t\t\t\t\t<div class=\"elementor-divider\">\n\t\t\t<span class=\"elementor-divider-separator\">\n\t\t\t\t\t\t<\/span>\n\t\t<\/div>\n\t\t\t\t\t\t<\/div>\n\t\t\t\t<div class=\"elementor-element elementor-element-3a4e383 elementor-widget__width-initial elementor-widget elementor-widget-coherence_Heading_widget\" data-id=\"3a4e383\" data-element_type=\"widget\" data-widget_type=\"coherence_Heading_widget.default\">\n\t\t\t\t<div class=\"elementor-widget-container\">\n\t\t\t\t\t<h2 class=\"coherence-heading elementor-heading-title\"> <span class=\"coherence-heading-text\">Nous intervenons sur plusieurs solutions de Chauffage \u00e0 Evron :<\/span>  <\/h2>\t\t\t\t<\/div>\n\t\t\t\t<\/div>\n\t\t\t\t<\/div>\n\t\t<div class=\"elementor-element elementor-element-2f13598 e-con-full e-flex coherence-container-background-zoom-no coherence-sticky-section-no e-con e-child\" data-id=\"2f13598\" data-element_type=\"container\">\n\t\t<div class=\"elementor-element elementor-element-05cb67f e-con-full e-flex coherence-container-background-zoom-no coherence-sticky-section-no e-con e-child\" data-id=\"05cb67f\" data-element_type=\"container\">\n\t\t<div class=\"elementor-element elementor-element-3faf162 e-con-full e-flex coherence-sticky-section-no elementor-invisible e-con e-child\" data-id=\"3faf162\" data-element_type=\"container\" data-settings=\"{&quot;background_background&quot;:&quot;classic&quot;,&quot;animation&quot;:&quot;fadeInLeft&quot;}\">\n\t\t\t\t<div class=\"elementor-element elementor-element-df5cf7c elementor-widget elementor-widget-heading\" data-id=\"df5cf7c\" data-element_type=\"widget\" data-widget_type=\"heading.default\">\n\t\t\t\t\t<h3 class=\"elementor-heading-title elementor-size-default\">La chaudi\u00e8re \u00e0 gaz<\/h3>\t\t\t\t<\/div>\n\t\t\t\t<div class=\"elementor-element elementor-element-90c002e elementor-widget elementor-widget-text-editor\" data-id=\"90c002e\" data-element_type=\"widget\" data-widget_type=\"text-editor.default\">\n\t\t\t\t\t\t\t\t\tNomm\u00e9e la chaudi\u00e8re haute performance \u00e9nerg\u00e9tique, elle convient tr\u00e8s bien pour les projets de construction que pour ceux de r\u00e9novation. Elle se consid\u00e8re au centre du syst\u00e8me de chauffage et de production d\u2019eau chaude et est \u00e0 la fois confortable, \u00e9conomique, et respectueuse de l\u2019environnement\n\nEn installant une chaudi\u00e8re \u00e0 condensation, vous b\u00e9n\u00e9ficiez de plusieurs avantages :\nEn installant une chaudi\u00e8re \u00e0 condensation vous b\u00e9n\u00e9ficierez des avantages suivants :\t\t\t\t\t\t\t\t<\/div>\n\t\t\t\t<\/div>\n\t\t<div class=\"elementor-element elementor-element-38a12ae e-con-full e-flex coherence-sticky-section-no elementor-invisible e-con e-child\" data-id=\"38a12ae\" data-element_type=\"container\" data-settings=\"{&quot;background_background&quot;:&quot;classic&quot;,&quot;animation&quot;:&quot;fadeInLeft&quot;}\">\n\t\t\t\t<div class=\"elementor-element elementor-element-bffabe2 elementor-widget elementor-widget-heading\" data-id=\"bffabe2\" data-element_type=\"widget\" data-widget_type=\"heading.default\">\n\t\t\t\t\t<h3 class=\"elementor-heading-title elementor-size-default\">La chaudi\u00e8re \u00e0 fioul<\/h3>\t\t\t\t<\/div>\n\t\t\t\t<div class=\"elementor-element elementor-element-b7efaa6 elementor-widget elementor-widget-text-editor\" data-id=\"b7efaa6\" data-element_type=\"widget\" data-widget_type=\"text-editor.default\">\n\t\t\t\t\t\t\t\t\t<p>Nous disposons d\u2019une large gamme de chaudi\u00e8res fioul, produits de marque r\u00e9put\u00e9e, avec des prix raisonnables.<\/p><p>Les chaudi\u00e8res au fioul vous permettront d\u2019\u00e9conomiser l\u2019\u00e9nergie en comparaison avec une chaudi\u00e8re traditionnelle.<\/p>\t\t\t\t\t\t\t\t<\/div>\n\t\t\t\t<\/div>\n\t\t<div class=\"elementor-element elementor-element-21c7805 e-con-full e-flex coherence-sticky-section-no elementor-invisible e-con e-child\" data-id=\"21c7805\" data-element_type=\"container\" data-settings=\"{&quot;background_background&quot;:&quot;classic&quot;,&quot;animation&quot;:&quot;fadeInLeft&quot;}\">\n\t\t\t\t<div class=\"elementor-element elementor-element-599df79 elementor-widget elementor-widget-heading\" data-id=\"599df79\" data-element_type=\"widget\" data-widget_type=\"heading.default\">\n\t\t\t\t\t<h3 class=\"elementor-heading-title elementor-size-default\">La chaudi\u00e8re \u00e9lectrique<\/h3>\t\t\t\t<\/div>\n\t\t\t\t<div class=\"elementor-element elementor-element-4e4cce6 elementor-widget elementor-widget-text-editor\" data-id=\"4e4cce6\" data-element_type=\"widget\" data-widget_type=\"text-editor.default\">\n\t\t\t\t\t\t\t\t\t<p>La chaudi\u00e8re \u00e9lectrique est d\u2019une efficacit\u00e9 incontournable, et d\u2019une facilit\u00e9 d\u2019installation incomparable.<\/p><p>L\u2019entreprise BOUTELOUP vous propose une s\u00e9lection de meilleurs produits du march\u00e9 dans une gamme de prix plus que comp\u00e9titive.<\/p>\t\t\t\t\t\t\t\t<\/div>\n\t\t\t\t<\/div>\n\t\t<div class=\"elementor-element elementor-element-6994faf e-con-full e-flex coherence-sticky-section-no elementor-invisible e-con e-child\" data-id=\"6994faf\" data-element_type=\"container\" data-settings=\"{&quot;background_background&quot;:&quot;classic&quot;,&quot;animation&quot;:&quot;fadeInLeft&quot;}\">\n\t\t\t\t<div class=\"elementor-element elementor-element-56c96ce elementor-widget elementor-widget-heading\" data-id=\"56c96ce\" data-element_type=\"widget\" data-widget_type=\"heading.default\">\n\t\t\t\t\t<h3 class=\"elementor-heading-title elementor-size-default\">La pompe \u00e0 chaleur<\/h3>\t\t\t\t<\/div>\n\t\t\t\t<div class=\"elementor-element elementor-element-207b0e3 elementor-widget elementor-widget-text-editor\" data-id=\"207b0e3\" data-element_type=\"widget\" data-widget_type=\"text-editor.default\">\n\t\t\t\t\t\t\t\t\t<p><strong>PAC a\u00e9rothermiques :<\/strong><br \/>Une pompe \u00e0 chaleur a\u00e9rothermique capte les calories pr\u00e9sentes dans l\u2019air pour les transf\u00e9rer dans le r\u00e9seau d\u2019eau et de chauffage du b\u00e2timent, d\u2019o\u00f9 l\u2019appellation de pompe \u00e0 chaleur air\/eau.<br \/>L\u2019a\u00e9rothermie est une solution de confort \u00e9conomique et sobre en CO2. Selon les caract\u00e9ristiques de votre logement et vos \u00e9metteurs de chauffage, les pompes \u00e0 chaleur a\u00e9rothermiques peuvent garantir : Le chauffage &#8211; L\u2019eau chaude sanitaire &#8211; Le rafra\u00eechissement<\/p><p><strong>PAC g\u00e9othermiques :<\/strong><br \/>La pompe \u00e0 chaleur g\u00e9othermique capte les calories contenues dans le sol pour les transf\u00e9rer au circuit d\u2019eau de chauffage de la maison. D\u2019o\u00f9 l\u2019appellation de pompe \u00e0 chaleur eau\/eau.<br \/>Il existe trois solutions pour transf\u00e9rer la chaleur. Une fois que les capteurs sont en place, un fluide circule \u00e0 l\u2019int\u00e9rieur de ces capteurs pour capter les calories et les transporter jusqu\u2019\u00e0 la pompe \u00e0 chaleur. Ensuite, un autre fluide circule entre la pompe \u00e0 chaleur et les \u00e9metteurs de chaleur situ\u00e9s dans la maison (radiateurs, ventilo-convecteur, plancher chauffant, etc.<\/p>\t\t\t\t\t\t\t\t<\/div>\n\t\t\t\t<\/div>\n\t\t<div class=\"elementor-element elementor-element-f7fbd70 e-con-full e-flex coherence-sticky-section-no elementor-invisible e-con e-child\" data-id=\"f7fbd70\" data-element_type=\"container\" data-settings=\"{&quot;background_background&quot;:&quot;classic&quot;,&quot;animation&quot;:&quot;fadeInLeft&quot;}\">\n\t\t\t\t<div class=\"elementor-element elementor-element-620bb16 elementor-widget elementor-widget-heading\" data-id=\"620bb16\" data-element_type=\"widget\" data-widget_type=\"heading.default\">\n\t\t\t\t\t<h3 class=\"elementor-heading-title elementor-size-default\">Le chauffe-eau thermodynamique<\/h3>\t\t\t\t<\/div>\n\t\t\t\t<div class=\"elementor-element elementor-element-772f75c elementor-widget elementor-widget-text-editor\" data-id=\"772f75c\" data-element_type=\"widget\" data-widget_type=\"text-editor.default\">\n\t\t\t\t\t\t\t\t\t<p>Il s\u2019agit d\u2019un dispositif alliant un ballon de stockage d\u2019eau chaude et une pompe \u00e0 chaleur \u00e9lectrique (PAC) \u00ab air \/eau \u00bb, il permet d\u2019\u00e9conomiser de l\u2019\u00e9nergie par rapport au chauffe-eau \u00e9lectrique. Il s\u2019agit, de ce fait, d\u2019une alternative \u00e0 la fois \u00e9conomique et \u00e9cologique dans la mesure o\u00f9 ce dispositif vous permet d\u2019\u00e9conomiser de l\u2019\u00e9nergie et de l\u2019eau.<\/p><p>Avec un chauffe-eau thermodynamique, vous produisez uniquement votre eau chaude sanitaire \u00e0 l\u2019aide d\u2019une pompe \u00e0 chaleur \u00e9lectrique, vous b\u00e9n\u00e9ficiez ainsi des avantages suivants : Des \u00e9conomies d\u2019\u00e9nergie par rapport \u00e0 un ballon d\u2019eau classique \u2013 Une installation facile en maison individuelle.<\/p>\t\t\t\t\t\t\t\t<\/div>\n\t\t\t\t<\/div>\n\t\t\t\t<\/div>\n\t\t\t\t<\/div>\n\t\t\t\t\t<\/div>\n\t\t\t\t<\/div>\n\t\t<div class=\"elementor-element elementor-element-6a8da7c e-flex e-con-boxed coherence-container-background-zoom-no coherence-sticky-section-no e-con e-parent\" data-id=\"6a8da7c\" data-element_type=\"container\" data-settings=\"{&quot;background_background&quot;:&quot;classic&quot;}\">\n\t\t\t\t\t<div class=\"e-con-inner\">\n\t\t<div class=\"elementor-element elementor-element-fcbce81 e-con-full animated-slow e-flex coherence-container-background-zoom-no coherence-sticky-section-no elementor-invisible e-con e-child\" data-id=\"fcbce81\" data-element_type=\"container\" data-settings=\"{&quot;background_background&quot;:&quot;classic&quot;,&quot;animation&quot;:&quot;bounceInRight&quot;}\">\n\t\t\t\t<div class=\"elementor-element elementor-element-197f8d1 elementor-widget__width-initial elementor-widget elementor-widget-text-editor\" data-id=\"197f8d1\" data-element_type=\"widget\" data-widget_type=\"text-editor.default\">\n\t\t\t\t\t\t\t\t\tAvec l\u2019entreprise BOUTELOUP, la garantie satisfaction !!!\nVous souhaitez faire installer le syst\u00e8me de chauffage le plus ad\u00e9quat, contactez-nous. Nous vous accueillons en MAYENNE (53).\t\t\t\t\t\t\t\t<\/div>\n\t\t\t\t<div class=\"elementor-element elementor-element-b2c63aa elementor-tablet-align-center elementor-align-center elementor-widget elementor-widget-coherence-Button-widget\" data-id=\"b2c63aa\" data-element_type=\"widget\" data-widget_type=\"coherence-Button-widget.default\">\n\t\t\t\t<div class=\"elementor-widget-container\">\n\t\t\t\t\t<div class=\"elementor-button-wrapper coherence-button-wrapper\">\r\n    <a href=\"\/contact\/\" class=\"elementor-button-link elementor-button elementor-size-sm coherence-button-style-solid\" role=\"button\">\r\n        <span class=\"elementor-button-content-wrapper\">\r\n                        <span class=\"elementor-button-text\">Contactez-nous<\/span>\r\n        <\/span>\r\n    <\/a>\r\n<\/div>\t\t\t\t<\/div>\n\t\t\t\t<\/div>\n\t\t\t\t<\/div>\n\t\t\t\t\t<\/div>\n\t\t\t\t<\/div>\n\t\t\t\t<\/div>\n\t\t","protected":false},"excerpt":{"rendered":"<p>BOUTELOUP Besoin du conseil et de l\u2019assistance d\u2019un chauffagiste reconnu \u00e0 Evron ? Faites appel \u00e0 l\u2019\u00e9tablissement BOUTELOUP. Votre meilleure adresse d\u2019installation et de r\u00e9paration de Chauffage \u00e0 Evron L\u2019\u00e9tablissement BOUTELOUP vous propose une multitude de prestations pour l\u2019installation, la mise en service ainsi que le d\u00e9pannage de votre Chauffage \u00e0 Evron. Nous intervenons au [&hellip;]<\/p>\n","protected":false},"author":1,"featured_media":0,"parent":0,"menu_order":0,"comment_status":"closed","ping_status":"closed","template":"","meta":{"inline_featured_image":false,"footnotes":""},"class_list":["post-452","page","type-page","status-publish","hentry"],"yoast_head":"<!-- This site is optimized with the Yoast SEO plugin v25.9 - https:\/\/yoast.com\/wordpress\/plugins\/seo\/ -->\n<title>Chauffage \u00e0 Evron \u2013 Ets BOUTELOUP - Installation et d\u00e9pannage<\/title>\n<meta name=\"description\" content=\"Trouvez les meilleures solutions Chauffage \u00e0 Evron chez L&#039;Ets BOUTELOUP. Etude, installation et d\u00e9pannage \u00e0 co\u00fbts et d\u00e9lais de r\u00e9alisation r\u00e9duits !\" \/>\n<meta name=\"robots\" content=\"noindex, follow, max-snippet:-1, max-image-preview:large, max-video-preview:-1\" \/>\n<meta property=\"og:locale\" content=\"fr_FR\" \/>\n<meta property=\"og:type\" content=\"article\" \/>\n<meta property=\"og:title\" content=\"Chauffage \u00e0 Evron \u2013 Ets BOUTELOUP - Installation et d\u00e9pannage\" \/>\n<meta property=\"og:description\" content=\"Trouvez les meilleures solutions Chauffage \u00e0 Evron chez L&#039;Ets BOUTELOUP. Etude, installation et d\u00e9pannage \u00e0 co\u00fbts et d\u00e9lais de r\u00e9alisation r\u00e9duits !\" \/>\n<meta property=\"og:url\" content=\"https:\/\/www.ets-bouteloup.fr\/refonte\/chauffage-a-evron\/\" \/>\n<meta property=\"og:site_name\" content=\"ETS BOUTELOUP\" \/>\n<meta property=\"article:modified_time\" content=\"2025-05-07T14:59:18+00:00\" \/>\n<meta name=\"twitter:card\" content=\"summary_large_image\" \/>\n<meta name=\"twitter:label1\" content=\"Dur\u00e9e de lecture estim\u00e9e\" \/>\n\t<meta name=\"twitter:data1\" content=\"4 minutes\" \/>\n<script type=\"application\/ld+json\" class=\"yoast-schema-graph\">{\"@context\":\"https:\/\/schema.org\",\"@graph\":[{\"@type\":\"WebPage\",\"@id\":\"https:\/\/www.ets-bouteloup.fr\/refonte\/chauffage-a-evron\/\",\"url\":\"https:\/\/www.ets-bouteloup.fr\/refonte\/chauffage-a-evron\/\",\"name\":\"Chauffage \u00e0 Evron \u2013 Ets BOUTELOUP - Installation et d\u00e9pannage\",\"isPartOf\":{\"@id\":\"https:\/\/www.ets-bouteloup.fr\/refonte\/#website\"},\"datePublished\":\"2017-04-04T11:46:19+00:00\",\"dateModified\":\"2025-05-07T14:59:18+00:00\",\"description\":\"Trouvez les meilleures solutions Chauffage \u00e0 Evron chez L'Ets BOUTELOUP. Etude, installation et d\u00e9pannage \u00e0 co\u00fbts et d\u00e9lais de r\u00e9alisation r\u00e9duits !\",\"breadcrumb\":{\"@id\":\"https:\/\/www.ets-bouteloup.fr\/refonte\/chauffage-a-evron\/#breadcrumb\"},\"inLanguage\":\"fr-FR\",\"potentialAction\":[{\"@type\":\"ReadAction\",\"target\":[\"https:\/\/www.ets-bouteloup.fr\/refonte\/chauffage-a-evron\/\"]}]},{\"@type\":\"BreadcrumbList\",\"@id\":\"https:\/\/www.ets-bouteloup.fr\/refonte\/chauffage-a-evron\/#breadcrumb\",\"itemListElement\":[{\"@type\":\"ListItem\",\"position\":1,\"name\":\"Home\",\"item\":\"https:\/\/www.ets-bouteloup.fr\/refonte\/\"},{\"@type\":\"ListItem\",\"position\":2,\"name\":\".. Chauffage \u00e0 Evron\"}]},{\"@type\":\"WebSite\",\"@id\":\"https:\/\/www.ets-bouteloup.fr\/refonte\/#website\",\"url\":\"https:\/\/www.ets-bouteloup.fr\/refonte\/\",\"name\":\"ETS BOUTELOUP\",\"description\":\"\",\"potentialAction\":[{\"@type\":\"SearchAction\",\"target\":{\"@type\":\"EntryPoint\",\"urlTemplate\":\"https:\/\/www.ets-bouteloup.fr\/refonte\/?s={search_term_string}\"},\"query-input\":{\"@type\":\"PropertyValueSpecification\",\"valueRequired\":true,\"valueName\":\"search_term_string\"}}],\"inLanguage\":\"fr-FR\"}]}<\/script>\n<!-- \/ Yoast SEO plugin. -->","yoast_head_json":{"title":"Chauffage \u00e0 Evron \u2013 Ets BOUTELOUP - Installation et d\u00e9pannage","description":"Trouvez les meilleures solutions Chauffage \u00e0 Evron chez L'Ets BOUTELOUP. Etude, installation et d\u00e9pannage \u00e0 co\u00fbts et d\u00e9lais de r\u00e9alisation r\u00e9duits !","robots":{"index":"noindex","follow":"follow","max-snippet":"max-snippet:-1","max-image-preview":"max-image-preview:large","max-video-preview":"max-video-preview:-1"},"og_locale":"fr_FR","og_type":"article","og_title":"Chauffage \u00e0 Evron \u2013 Ets BOUTELOUP - Installation et d\u00e9pannage","og_description":"Trouvez les meilleures solutions Chauffage \u00e0 Evron chez L'Ets BOUTELOUP. Etude, installation et d\u00e9pannage \u00e0 co\u00fbts et d\u00e9lais de r\u00e9alisation r\u00e9duits !","og_url":"https:\/\/www.ets-bouteloup.fr\/refonte\/chauffage-a-evron\/","og_site_name":"ETS BOUTELOUP","article_modified_time":"2025-05-07T14:59:18+00:00","twitter_card":"summary_large_image","twitter_misc":{"Dur\u00e9e de lecture estim\u00e9e":"4 minutes"},"schema":{"@context":"https:\/\/schema.org","@graph":[{"@type":"WebPage","@id":"https:\/\/www.ets-bouteloup.fr\/refonte\/chauffage-a-evron\/","url":"https:\/\/www.ets-bouteloup.fr\/refonte\/chauffage-a-evron\/","name":"Chauffage \u00e0 Evron \u2013 Ets BOUTELOUP - Installation et d\u00e9pannage","isPartOf":{"@id":"https:\/\/www.ets-bouteloup.fr\/refonte\/#website"},"datePublished":"2017-04-04T11:46:19+00:00","dateModified":"2025-05-07T14:59:18+00:00","description":"Trouvez les meilleures solutions Chauffage \u00e0 Evron chez L'Ets BOUTELOUP. Etude, installation et d\u00e9pannage \u00e0 co\u00fbts et d\u00e9lais de r\u00e9alisation r\u00e9duits !","breadcrumb":{"@id":"https:\/\/www.ets-bouteloup.fr\/refonte\/chauffage-a-evron\/#breadcrumb"},"inLanguage":"fr-FR","potentialAction":[{"@type":"ReadAction","target":["https:\/\/www.ets-bouteloup.fr\/refonte\/chauffage-a-evron\/"]}]},{"@type":"BreadcrumbList","@id":"https:\/\/www.ets-bouteloup.fr\/refonte\/chauffage-a-evron\/#breadcrumb","itemListElement":[{"@type":"ListItem","position":1,"name":"Home","item":"https:\/\/www.ets-bouteloup.fr\/refonte\/"},{"@type":"ListItem","position":2,"name":".. Chauffage \u00e0 Evron"}]},{"@type":"WebSite","@id":"https:\/\/www.ets-bouteloup.fr\/refonte\/#website","url":"https:\/\/www.ets-bouteloup.fr\/refonte\/","name":"ETS BOUTELOUP","description":"","potentialAction":[{"@type":"SearchAction","target":{"@type":"EntryPoint","urlTemplate":"https:\/\/www.ets-bouteloup.fr\/refonte\/?s={search_term_string}"},"query-input":{"@type":"PropertyValueSpecification","valueRequired":true,"valueName":"search_term_string"}}],"inLanguage":"fr-FR"}]}},"_links":{"self":[{"href":"https:\/\/www.ets-bouteloup.fr\/refonte\/wp-json\/wp\/v2\/pages\/452","targetHints":{"allow":["GET"]}}],"collection":[{"href":"https:\/\/www.ets-bouteloup.fr\/refonte\/wp-json\/wp\/v2\/pages"}],"about":[{"href":"https:\/\/www.ets-bouteloup.fr\/refonte\/wp-json\/wp\/v2\/types\/page"}],"author":[{"embeddable":true,"href":"https:\/\/www.ets-bouteloup.fr\/refonte\/wp-json\/wp\/v2\/users\/1"}],"replies":[{"embeddable":true,"href":"https:\/\/www.ets-bouteloup.fr\/refonte\/wp-json\/wp\/v2\/comments?post=452"}],"version-history":[{"count":1,"href":"https:\/\/www.ets-bouteloup.fr\/refonte\/wp-json\/wp\/v2\/pages\/452\/revisions"}],"predecessor-version":[{"id":2491,"href":"https:\/\/www.ets-bouteloup.fr\/refonte\/wp-json\/wp\/v2\/pages\/452\/revisions\/2491"}],"wp:attachment":[{"href":"https:\/\/www.ets-bouteloup.fr\/refonte\/wp-json\/wp\/v2\/media?parent=452"}],"curies":[{"name":"wp","href":"https:\/\/api.w.org\/{rel}","templated":true}]}}