{"id":493,"date":"2017-04-04T15:52:47","date_gmt":"2017-04-04T13:52:47","guid":{"rendered":"http:\/\/www.ets-bouteloup.fr\/?page_id=493"},"modified":"2025-05-07T16:59:19","modified_gmt":"2025-05-07T14:59:19","slug":"salle-de-bain-cle-en-main-a-sille-le-guillaume","status":"publish","type":"page","link":"https:\/\/www.ets-bouteloup.fr\/refonte\/salle-de-bain-cle-en-main-a-sille-le-guillaume\/","title":{"rendered":".. Salle de bain cl\u00e9 en main \u00e0 Sill\u00e9 le Guillaume"},"content":{"rendered":"\t\t<div data-elementor-type=\"wp-page\" data-elementor-id=\"493\" class=\"elementor elementor-493\">\n\t\t\t\t<div class=\"elementor-element elementor-element-40398b5 sec_h1 e-flex e-con-boxed coherence-container-background-zoom-no coherence-sticky-section-no elementor-invisible e-con e-parent\" data-id=\"40398b5\" data-element_type=\"container\" data-settings=\"{&quot;animation&quot;:&quot;fadeInUp&quot;}\">\n\t\t\t\t\t<div class=\"e-con-inner\">\n\t\t<div class=\"elementor-element elementor-element-5109ee6 e-con-full e-flex coherence-container-background-zoom-no coherence-sticky-section-no e-con e-child\" data-id=\"5109ee6\" data-element_type=\"container\" data-settings=\"{&quot;background_background&quot;:&quot;classic&quot;}\">\n\t\t<div class=\"elementor-element elementor-element-c3468ba e-con-full animate_01 elementor-hidden-tablet elementor-hidden-mobile_extra elementor-hidden-mobile e-flex coherence-container-background-zoom-no coherence-sticky-section-no e-con e-child\" data-id=\"c3468ba\" data-element_type=\"container\" data-settings=\"{&quot;position&quot;:&quot;absolute&quot;}\">\n\t\t\t\t<\/div>\n\t\t\t\t<\/div>\n\t\t<div class=\"elementor-element elementor-element-4b686fb e-con-full e-flex coherence-container-background-zoom-no coherence-sticky-section-no e-con e-child\" data-id=\"4b686fb\" data-element_type=\"container\" data-settings=\"{&quot;background_background&quot;:&quot;classic&quot;}\">\n\t\t\t\t<div class=\"elementor-element elementor-element-a1c74c5 elementor-widget-divider--view-line elementor-widget elementor-widget-divider\" data-id=\"a1c74c5\" data-element_type=\"widget\" data-widget_type=\"divider.default\">\n\t\t\t\t\t\t\t<div class=\"elementor-divider\">\n\t\t\t<span class=\"elementor-divider-separator\">\n\t\t\t\t\t\t<\/span>\n\t\t<\/div>\n\t\t\t\t\t\t<\/div>\n\t\t\t\t<div class=\"elementor-element elementor-element-3d76b7a elementor-widget elementor-widget-coherence_Heading_widget\" data-id=\"3d76b7a\" data-element_type=\"widget\" data-widget_type=\"coherence_Heading_widget.default\">\n\t\t\t\t<div class=\"elementor-widget-container\">\n\t\t\t\t\t<h1 class=\"coherence-heading elementor-heading-title\"><span class=\"separator-sup-title\">BOUTELOUP<\/span> <span class=\"coherence-heading-text\">Si vous \u00eates \u00e0 la recherche d\u2019un sp\u00e9cialiste en r\u00e9novation et am\u00e9nagement de salles de bain \u00e0 Sill\u00e9 le Guillaume, n\u2019h\u00e9sitez pas \u00e0 faire appel \u00e0 Ets BOUTELOUP. Nous sommes votre r\u00e9f\u00e9rence pour tout projet d\u2019am\u00e9nagement complet de salles de bain dans la r\u00e9gion<\/span>  <\/h1>\t\t\t\t<\/div>\n\t\t\t\t<\/div>\n\t\t\t\t<div class=\"elementor-element elementor-element-f7d204d elementor-widget elementor-widget-text-editor\" data-id=\"f7d204d\" data-element_type=\"widget\" data-widget_type=\"text-editor.default\">\n\t\t\t\t\t\t\t\t\t<p>Que vous souhaitiez donner un nouvel \u00e9clat \u00e0 votre espace priv\u00e9, mettre \u00e0 jour vos installations sanitaires ou \u00e9lectriques, faites confiance \u00e0 l\u2019expertise de BOUTELOUP. En tant que professionnels dans l\u2019am\u00e9nagement de salle de bain cl\u00e9 en main \u00e0 Sill\u00e9 le Guillaume, nous sommes pr\u00eats \u00e0 transformer votre espace selon vos d\u00e9sirs.<\/p><p>Notre \u00e9quipe d\u2019artisans comp\u00e9tents se sp\u00e9cialise dans divers domaines. Nous travaillons avec des clients professionnels et particuliers dans toute la r\u00e9gion de la Mayenne, pour divers projets de construction ou de r\u00e9novation de salles de bain.<br \/>Offrez-vous un espace revigorant, fonctionnel et s\u00e9curis\u00e9 gr\u00e2ce \u00e0 nos solutions d\u2019am\u00e9nagement salle de bain cl\u00e9 en main \u00e0 Sill\u00e9 le Guillaume.<\/p>\t\t\t\t\t\t\t\t<\/div>\n\t\t\t\t<div class=\"elementor-element elementor-element-77b2437 elementor-tablet-align-center elementor-widget elementor-widget-coherence-Button-widget\" data-id=\"77b2437\" data-element_type=\"widget\" data-widget_type=\"coherence-Button-widget.default\">\n\t\t\t\t<div class=\"elementor-widget-container\">\n\t\t\t\t\t<div class=\"elementor-button-wrapper coherence-button-wrapper\">\r\n    <a href=\"\/contact\/\" class=\"elementor-button-link elementor-button elementor-size-sm coherence-button-style-solid\" role=\"button\">\r\n        <span class=\"elementor-button-content-wrapper\">\r\n                        <span class=\"elementor-button-text\">Devis gratuit<\/span>\r\n        <\/span>\r\n    <\/a>\r\n<\/div>\t\t\t\t<\/div>\n\t\t\t\t<\/div>\n\t\t\t\t<\/div>\n\t\t\t\t\t<\/div>\n\t\t\t\t<\/div>\n\t\t<div class=\"elementor-element elementor-element-b356900 e-flex e-con-boxed coherence-container-background-zoom-no coherence-sticky-section-no e-con e-parent\" data-id=\"b356900\" data-element_type=\"container\" data-settings=\"{&quot;background_background&quot;:&quot;classic&quot;}\">\n\t\t\t\t\t<div class=\"e-con-inner\">\n\t\t<div class=\"elementor-element elementor-element-5cb2026 e-con-full e-flex coherence-container-background-zoom-no coherence-sticky-section-no e-con e-child\" data-id=\"5cb2026\" data-element_type=\"container\">\n\t\t<div class=\"elementor-element elementor-element-1b62cfe e-con-full e-flex coherence-container-background-zoom-no coherence-sticky-section-no e-con e-child\" data-id=\"1b62cfe\" data-element_type=\"container\">\n\t\t<div class=\"elementor-element elementor-element-a51f7dc e-con-full e-flex coherence-container-background-zoom-no coherence-sticky-section-no elementor-invisible e-con e-child\" data-id=\"a51f7dc\" data-element_type=\"container\" data-settings=\"{&quot;background_background&quot;:&quot;classic&quot;,&quot;animation&quot;:&quot;fadeInLeft&quot;}\">\n\t\t\t\t<div class=\"elementor-element elementor-element-7873f58 elementor-widget__width-initial elementor-widget-tablet_extra__width-initial elementor-widget elementor-widget-text-editor\" data-id=\"7873f58\" data-element_type=\"widget\" data-widget_type=\"text-editor.default\">\n\t\t\t\t\t\t\t\t\t<p>Salle de bain de vos r\u00eaves, la moderniser, la rendre plus esth\u00e9tique, fonctionnelle et confortable. Nous commen\u00e7ons par une analyse technique d\u00e9taill\u00e9e pour garantir un r\u00e9sultat impeccable. Quelles que soient la taille, la forme ou les couleurs de votre salle de bain, nous la remodelons enti\u00e8rement selon vos souhaits.<\/p><p>BOUTELOUP offre \u00e9galement des services d\u2019am\u00e9nagement de salles de bain pour les personnes \u00e0 mobilit\u00e9 r\u00e9duite (PMR), ainsi que la conception de SPA et la r\u00e9alisation de salles de bain cl\u00e9s en main.<\/p>\t\t\t\t\t\t\t\t<\/div>\n\t\t\t\t<\/div>\n\t\t\t\t<\/div>\n\t\t<div class=\"elementor-element elementor-element-40532b3 e-con-full animate_01 e-flex coherence-container-background-zoom-no coherence-sticky-section-no elementor-invisible e-con e-child\" data-id=\"40532b3\" data-element_type=\"container\" data-settings=\"{&quot;background_background&quot;:&quot;classic&quot;,&quot;animation&quot;:&quot;fadeInRight&quot;}\">\n\t\t\t\t<\/div>\n\t\t\t\t<\/div>\n\t\t\t\t\t<\/div>\n\t\t\t\t<\/div>\n\t\t<div class=\"elementor-element elementor-element-37f98af e-flex e-con-boxed coherence-container-background-zoom-no coherence-sticky-section-no e-con e-parent\" data-id=\"37f98af\" data-element_type=\"container\" data-settings=\"{&quot;background_background&quot;:&quot;classic&quot;}\">\n\t\t\t\t\t<div class=\"e-con-inner\">\n\t\t<div class=\"elementor-element elementor-element-25082af e-con-full e-flex coherence-container-background-zoom-no coherence-sticky-section-no e-con e-child\" data-id=\"25082af\" data-element_type=\"container\">\n\t\t<div class=\"elementor-element elementor-element-c1071da e-con-full e-flex coherence-container-background-zoom-no coherence-sticky-section-no elementor-invisible e-con e-child\" data-id=\"c1071da\" data-element_type=\"container\" data-settings=\"{&quot;background_background&quot;:&quot;classic&quot;,&quot;animation&quot;:&quot;fadeInLeft&quot;}\">\n\t\t\t\t<\/div>\n\t\t<div class=\"elementor-element elementor-element-d0ef4e6 e-con-full e-flex coherence-container-background-zoom-no coherence-sticky-section-no elementor-invisible e-con e-child\" data-id=\"d0ef4e6\" data-element_type=\"container\" data-settings=\"{&quot;background_background&quot;:&quot;classic&quot;,&quot;animation&quot;:&quot;fadeInRight&quot;}\">\n\t\t\t\t<div class=\"elementor-element elementor-element-5f5dce9 elementor-widget-divider--view-line elementor-widget elementor-widget-divider\" data-id=\"5f5dce9\" data-element_type=\"widget\" data-widget_type=\"divider.default\">\n\t\t\t\t\t\t\t<div class=\"elementor-divider\">\n\t\t\t<span class=\"elementor-divider-separator\">\n\t\t\t\t\t\t<\/span>\n\t\t<\/div>\n\t\t\t\t\t\t<\/div>\n\t\t\t\t<div class=\"elementor-element elementor-element-f1e86ef elementor-widget elementor-widget-coherence_Heading_widget\" data-id=\"f1e86ef\" data-element_type=\"widget\" data-widget_type=\"coherence_Heading_widget.default\">\n\t\t\t\t<div class=\"elementor-widget-container\">\n\t\t\t\t\t<h2 class=\"coherence-heading elementor-heading-title\"> <span class=\"coherence-heading-text\">Voici un aper\u00e7u de nos prestations haut de gamme pour votre salle de bain \u00e0 Sill\u00e9 le Guillaume :<\/span>  <\/h2>\t\t\t\t<\/div>\n\t\t\t\t<\/div>\n\t\t\t\t<div class=\"elementor-element elementor-element-03d0075 elementor-widget elementor-widget-text-editor\" data-id=\"03d0075\" data-element_type=\"widget\" data-widget_type=\"text-editor.default\">\n\t\t\t\t\t\t\t\t\t<ul>\n<li>Agencement<\/li>\n<li>Douche<\/li>\n<li>Baignoire<\/li>\n<li>Lavabos et vasques<\/li>\n<li>Robinetterie<\/li>\n<li>Meubles et accessoires de salle de bain<\/li>\n<li>Douches \u00e0 l\u2019italienne<\/li>\n<li>Niche dans la douche<\/li>\n<li>WC suspendu<\/li>\n<li>Carrelage<\/li>\n<\/ul>\t\t\t\t\t\t\t\t<\/div>\n\t\t\t\t<\/div>\n\t\t\t\t<\/div>\n\t\t\t\t\t<\/div>\n\t\t\t\t<\/div>\n\t\t<div class=\"elementor-element elementor-element-3f63fa5 e-flex e-con-boxed coherence-container-background-zoom-no coherence-sticky-section-no e-con e-parent\" data-id=\"3f63fa5\" data-element_type=\"container\" data-settings=\"{&quot;background_background&quot;:&quot;classic&quot;}\">\n\t\t\t\t\t<div class=\"e-con-inner\">\n\t\t<div class=\"elementor-element elementor-element-179ac38 e-con-full animated-slow e-flex coherence-container-background-zoom-no coherence-sticky-section-no elementor-invisible e-con e-child\" data-id=\"179ac38\" data-element_type=\"container\" data-settings=\"{&quot;background_background&quot;:&quot;classic&quot;,&quot;animation&quot;:&quot;bounceInRight&quot;}\">\n\t\t\t\t<div class=\"elementor-element elementor-element-1d08626 elementor-widget__width-initial elementor-widget elementor-widget-text-editor\" data-id=\"1d08626\" data-element_type=\"widget\" data-widget_type=\"text-editor.default\">\n\t\t\t\t\t\t\t\t\tPour toute demande d\u2019information sur votre projet de r\u00e9novation ou de cr\u00e9ation de salle de bain sur mesure, l\u2019\u00e9quipe de BOUTELOUP est \u00e0 votre service.\t\t\t\t\t\t\t\t<\/div>\n\t\t\t\t<div class=\"elementor-element elementor-element-d8f8f3a elementor-tablet-align-center elementor-align-center elementor-widget elementor-widget-coherence-Button-widget\" data-id=\"d8f8f3a\" data-element_type=\"widget\" data-widget_type=\"coherence-Button-widget.default\">\n\t\t\t\t<div class=\"elementor-widget-container\">\n\t\t\t\t\t<div class=\"elementor-button-wrapper coherence-button-wrapper\">\r\n    <a href=\"\/contact\/\" class=\"elementor-button-link elementor-button elementor-size-sm coherence-button-style-solid\" role=\"button\">\r\n        <span class=\"elementor-button-content-wrapper\">\r\n                        <span class=\"elementor-button-text\">Contactez-nous<\/span>\r\n        <\/span>\r\n    <\/a>\r\n<\/div>\t\t\t\t<\/div>\n\t\t\t\t<\/div>\n\t\t\t\t<\/div>\n\t\t\t\t\t<\/div>\n\t\t\t\t<\/div>\n\t\t\t\t<\/div>\n\t\t","protected":false},"excerpt":{"rendered":"<p>BOUTELOUP Si vous \u00eates \u00e0 la recherche d\u2019un sp\u00e9cialiste en r\u00e9novation et am\u00e9nagement de salles de bain \u00e0 Sill\u00e9 le Guillaume, n\u2019h\u00e9sitez pas \u00e0 faire appel \u00e0 Ets BOUTELOUP. Nous sommes votre r\u00e9f\u00e9rence pour tout projet d\u2019am\u00e9nagement complet de salles de bain dans la r\u00e9gion Que vous souhaitiez donner un nouvel \u00e9clat \u00e0 votre espace [&hellip;]<\/p>\n","protected":false},"author":1,"featured_media":0,"parent":0,"menu_order":0,"comment_status":"closed","ping_status":"closed","template":"","meta":{"inline_featured_image":false,"footnotes":""},"class_list":["post-493","page","type-page","status-publish","hentry"],"yoast_head":"<!-- This site is optimized with the Yoast SEO plugin v25.9 - https:\/\/yoast.com\/wordpress\/plugins\/seo\/ -->\n<title>salle de bain cl\u00e9 en main \u00e0 Sill\u00e9 le Guillaume \u2013 BOUTELOUP, L\u2019artisan qu\u2019il vous faut<\/title>\n<meta name=\"description\" content=\"L\u2019entreprise BOUTELOUP sp\u00e9cialiste de la r\u00e9novation et la cr\u00e9ation de salle de bain cl\u00e9 en main \u00e0 Sill\u00e9 le Guillaume. Appelez-nous 02 43 01 66 20\" \/>\n<meta name=\"robots\" content=\"noindex, follow, max-snippet:-1, max-image-preview:large, max-video-preview:-1\" \/>\n<meta property=\"og:locale\" content=\"fr_FR\" \/>\n<meta property=\"og:type\" content=\"article\" \/>\n<meta property=\"og:title\" content=\"salle de bain cl\u00e9 en main \u00e0 Sill\u00e9 le Guillaume \u2013 BOUTELOUP, L\u2019artisan qu\u2019il vous faut\" \/>\n<meta property=\"og:description\" content=\"L\u2019entreprise BOUTELOUP sp\u00e9cialiste de la r\u00e9novation et la cr\u00e9ation de salle de bain cl\u00e9 en main \u00e0 Sill\u00e9 le Guillaume. Appelez-nous 02 43 01 66 20\" \/>\n<meta property=\"og:url\" content=\"https:\/\/www.ets-bouteloup.fr\/refonte\/salle-de-bain-cle-en-main-a-sille-le-guillaume\/\" \/>\n<meta property=\"og:site_name\" content=\"ETS BOUTELOUP\" \/>\n<meta property=\"article:modified_time\" content=\"2025-05-07T14:59:19+00:00\" \/>\n<meta name=\"twitter:card\" content=\"summary_large_image\" \/>\n<meta name=\"twitter:label1\" content=\"Dur\u00e9e de lecture estim\u00e9e\" \/>\n\t<meta name=\"twitter:data1\" content=\"2 minutes\" \/>\n<script type=\"application\/ld+json\" class=\"yoast-schema-graph\">{\"@context\":\"https:\/\/schema.org\",\"@graph\":[{\"@type\":\"WebPage\",\"@id\":\"https:\/\/www.ets-bouteloup.fr\/refonte\/salle-de-bain-cle-en-main-a-sille-le-guillaume\/\",\"url\":\"https:\/\/www.ets-bouteloup.fr\/refonte\/salle-de-bain-cle-en-main-a-sille-le-guillaume\/\",\"name\":\"salle de bain cl\u00e9 en main \u00e0 Sill\u00e9 le Guillaume \u2013 BOUTELOUP, L\u2019artisan qu\u2019il vous faut\",\"isPartOf\":{\"@id\":\"https:\/\/www.ets-bouteloup.fr\/refonte\/#website\"},\"datePublished\":\"2017-04-04T13:52:47+00:00\",\"dateModified\":\"2025-05-07T14:59:19+00:00\",\"description\":\"L\u2019entreprise BOUTELOUP sp\u00e9cialiste de la r\u00e9novation et la cr\u00e9ation de salle de bain cl\u00e9 en main \u00e0 Sill\u00e9 le Guillaume. Appelez-nous 02 43 01 66 20\",\"breadcrumb\":{\"@id\":\"https:\/\/www.ets-bouteloup.fr\/refonte\/salle-de-bain-cle-en-main-a-sille-le-guillaume\/#breadcrumb\"},\"inLanguage\":\"fr-FR\",\"potentialAction\":[{\"@type\":\"ReadAction\",\"target\":[\"https:\/\/www.ets-bouteloup.fr\/refonte\/salle-de-bain-cle-en-main-a-sille-le-guillaume\/\"]}]},{\"@type\":\"BreadcrumbList\",\"@id\":\"https:\/\/www.ets-bouteloup.fr\/refonte\/salle-de-bain-cle-en-main-a-sille-le-guillaume\/#breadcrumb\",\"itemListElement\":[{\"@type\":\"ListItem\",\"position\":1,\"name\":\"Home\",\"item\":\"https:\/\/www.ets-bouteloup.fr\/refonte\/\"},{\"@type\":\"ListItem\",\"position\":2,\"name\":\".. Salle de bain cl\u00e9 en main \u00e0 Sill\u00e9 le Guillaume\"}]},{\"@type\":\"WebSite\",\"@id\":\"https:\/\/www.ets-bouteloup.fr\/refonte\/#website\",\"url\":\"https:\/\/www.ets-bouteloup.fr\/refonte\/\",\"name\":\"ETS BOUTELOUP\",\"description\":\"\",\"potentialAction\":[{\"@type\":\"SearchAction\",\"target\":{\"@type\":\"EntryPoint\",\"urlTemplate\":\"https:\/\/www.ets-bouteloup.fr\/refonte\/?s={search_term_string}\"},\"query-input\":{\"@type\":\"PropertyValueSpecification\",\"valueRequired\":true,\"valueName\":\"search_term_string\"}}],\"inLanguage\":\"fr-FR\"}]}<\/script>\n<!-- \/ Yoast SEO plugin. -->","yoast_head_json":{"title":"salle de bain cl\u00e9 en main \u00e0 Sill\u00e9 le Guillaume \u2013 BOUTELOUP, L\u2019artisan qu\u2019il vous faut","description":"L\u2019entreprise BOUTELOUP sp\u00e9cialiste de la r\u00e9novation et la cr\u00e9ation de salle de bain cl\u00e9 en main \u00e0 Sill\u00e9 le Guillaume. Appelez-nous 02 43 01 66 20","robots":{"index":"noindex","follow":"follow","max-snippet":"max-snippet:-1","max-image-preview":"max-image-preview:large","max-video-preview":"max-video-preview:-1"},"og_locale":"fr_FR","og_type":"article","og_title":"salle de bain cl\u00e9 en main \u00e0 Sill\u00e9 le Guillaume \u2013 BOUTELOUP, L\u2019artisan qu\u2019il vous faut","og_description":"L\u2019entreprise BOUTELOUP sp\u00e9cialiste de la r\u00e9novation et la cr\u00e9ation de salle de bain cl\u00e9 en main \u00e0 Sill\u00e9 le Guillaume. Appelez-nous 02 43 01 66 20","og_url":"https:\/\/www.ets-bouteloup.fr\/refonte\/salle-de-bain-cle-en-main-a-sille-le-guillaume\/","og_site_name":"ETS BOUTELOUP","article_modified_time":"2025-05-07T14:59:19+00:00","twitter_card":"summary_large_image","twitter_misc":{"Dur\u00e9e de lecture estim\u00e9e":"2 minutes"},"schema":{"@context":"https:\/\/schema.org","@graph":[{"@type":"WebPage","@id":"https:\/\/www.ets-bouteloup.fr\/refonte\/salle-de-bain-cle-en-main-a-sille-le-guillaume\/","url":"https:\/\/www.ets-bouteloup.fr\/refonte\/salle-de-bain-cle-en-main-a-sille-le-guillaume\/","name":"salle de bain cl\u00e9 en main \u00e0 Sill\u00e9 le Guillaume \u2013 BOUTELOUP, L\u2019artisan qu\u2019il vous faut","isPartOf":{"@id":"https:\/\/www.ets-bouteloup.fr\/refonte\/#website"},"datePublished":"2017-04-04T13:52:47+00:00","dateModified":"2025-05-07T14:59:19+00:00","description":"L\u2019entreprise BOUTELOUP sp\u00e9cialiste de la r\u00e9novation et la cr\u00e9ation de salle de bain cl\u00e9 en main \u00e0 Sill\u00e9 le Guillaume. Appelez-nous 02 43 01 66 20","breadcrumb":{"@id":"https:\/\/www.ets-bouteloup.fr\/refonte\/salle-de-bain-cle-en-main-a-sille-le-guillaume\/#breadcrumb"},"inLanguage":"fr-FR","potentialAction":[{"@type":"ReadAction","target":["https:\/\/www.ets-bouteloup.fr\/refonte\/salle-de-bain-cle-en-main-a-sille-le-guillaume\/"]}]},{"@type":"BreadcrumbList","@id":"https:\/\/www.ets-bouteloup.fr\/refonte\/salle-de-bain-cle-en-main-a-sille-le-guillaume\/#breadcrumb","itemListElement":[{"@type":"ListItem","position":1,"name":"Home","item":"https:\/\/www.ets-bouteloup.fr\/refonte\/"},{"@type":"ListItem","position":2,"name":".. Salle de bain cl\u00e9 en main \u00e0 Sill\u00e9 le Guillaume"}]},{"@type":"WebSite","@id":"https:\/\/www.ets-bouteloup.fr\/refonte\/#website","url":"https:\/\/www.ets-bouteloup.fr\/refonte\/","name":"ETS BOUTELOUP","description":"","potentialAction":[{"@type":"SearchAction","target":{"@type":"EntryPoint","urlTemplate":"https:\/\/www.ets-bouteloup.fr\/refonte\/?s={search_term_string}"},"query-input":{"@type":"PropertyValueSpecification","valueRequired":true,"valueName":"search_term_string"}}],"inLanguage":"fr-FR"}]}},"_links":{"self":[{"href":"https:\/\/www.ets-bouteloup.fr\/refonte\/wp-json\/wp\/v2\/pages\/493","targetHints":{"allow":["GET"]}}],"collection":[{"href":"https:\/\/www.ets-bouteloup.fr\/refonte\/wp-json\/wp\/v2\/pages"}],"about":[{"href":"https:\/\/www.ets-bouteloup.fr\/refonte\/wp-json\/wp\/v2\/types\/page"}],"author":[{"embeddable":true,"href":"https:\/\/www.ets-bouteloup.fr\/refonte\/wp-json\/wp\/v2\/users\/1"}],"replies":[{"embeddable":true,"href":"https:\/\/www.ets-bouteloup.fr\/refonte\/wp-json\/wp\/v2\/comments?post=493"}],"version-history":[{"count":1,"href":"https:\/\/www.ets-bouteloup.fr\/refonte\/wp-json\/wp\/v2\/pages\/493\/revisions"}],"predecessor-version":[{"id":2512,"href":"https:\/\/www.ets-bouteloup.fr\/refonte\/wp-json\/wp\/v2\/pages\/493\/revisions\/2512"}],"wp:attachment":[{"href":"https:\/\/www.ets-bouteloup.fr\/refonte\/wp-json\/wp\/v2\/media?parent=493"}],"curies":[{"name":"wp","href":"https:\/\/api.w.org\/{rel}","templated":true}]}}